CRAN Package Check Results for Package bannerCommenter

Last updated on 2025-02-19 09:50:42 CET.

Flavor Version Tinstall Tcheck Ttotal Status Flags
r-devel-linux-x86_64-debian-clang 1.0.0 1.59 24.74 26.33 OK
r-devel-linux-x86_64-debian-gcc 1.0.0 1.36 20.21 21.57 OK
r-devel-linux-x86_64-fedora-clang 1.0.0 43.30 OK
r-devel-linux-x86_64-fedora-gcc 1.0.0 56.44 OK
r-devel-macos-arm64 1.0.0 25.00 OK
r-devel-macos-x86_64 1.0.0 41.00 OK
r-devel-windows-x86_64 1.0.0 3.00 59.00 62.00 OK
r-patched-linux-x86_64 1.0.0 1.53 23.58 25.11 NOTE
r-release-linux-x86_64 1.0.0 1.53 23.67 25.20 NOTE
r-release-macos-arm64 1.0.0 37.00 NOTE
r-release-macos-x86_64 1.0.0 41.00 NOTE
r-release-windows-x86_64 1.0.0 3.00 58.00 61.00 NOTE
r-oldrel-macos-arm64 1.0.0 32.00 NOTE
r-oldrel-macos-x86_64 1.0.0 34.00 NOTE
r-oldrel-windows-x86_64 1.0.0 3.00 83.00 86.00 NOTE

Check Details

Version: 1.0.0
Check: LazyData
Result: NOTE 'LazyData' is specified without a 'data' directory Flavors: r-patched-linux-x86_64, r-release-linux-x86_64, r-release-macos-arm64, r-release-macos-x86_64, r-release-windows-x86_64, r-oldrel-macos-arm64, r-oldrel-macos-x86_64, r-oldrel-windows-x86_64