Last updated on 2025-02-19 09:50:42 CET.
Flavor | Version | Tinstall | Tcheck | Ttotal | Status | Flags |
---|---|---|---|---|---|---|
r-devel-linux-x86_64-debian-clang | 1.1 | 15.76 | 43.57 | 59.33 | OK | |
r-devel-linux-x86_64-debian-gcc | 1.1 | 12.35 | 31.33 | 43.68 | OK | |
r-devel-linux-x86_64-fedora-clang | 1.1 | 102.49 | OK | |||
r-devel-linux-x86_64-fedora-gcc | 1.1 | 96.66 | OK | |||
r-devel-macos-arm64 | 1.1 | 32.00 | OK | |||
r-devel-macos-x86_64 | 1.1 | 59.00 | OK | |||
r-devel-windows-x86_64 | 1.1 | 18.00 | 85.00 | 103.00 | OK | |
r-patched-linux-x86_64 | 1.1 | 16.02 | 41.08 | 57.10 | OK | |
r-release-linux-x86_64 | 1.1 | 16.24 | 40.83 | 57.07 | OK | |
r-release-macos-arm64 | 1.1 | 33.00 | OK | |||
r-release-macos-x86_64 | 1.1 | 93.00 | OK | |||
r-release-windows-x86_64 | 1.1 | 19.00 | 3.00 | 22.00 | FAIL | |
r-oldrel-macos-arm64 | 1.1 | 39.00 | OK | |||
r-oldrel-macos-x86_64 | 1.1 | 55.00 | OK | |||
r-oldrel-windows-x86_64 | 1.1 | 24.00 | 95.00 | 119.00 | OK |
Version: 1.1
Check: package dependencies
Result: FAIL
Flavor: r-release-windows-x86_64