Last updated on 2025-02-19 09:50:42 CET.
Flavor | Version | Tinstall | Tcheck | Ttotal | Status | Flags |
---|---|---|---|---|---|---|
r-devel-linux-x86_64-debian-clang | 0.0.3 | 1.59 | 19.41 | 21.00 | OK | |
r-devel-linux-x86_64-debian-gcc | 0.0.3 | 1.50 | 15.87 | 17.37 | OK | |
r-devel-linux-x86_64-fedora-clang | 0.0.3 | 33.76 | OK | |||
r-devel-linux-x86_64-fedora-gcc | 0.0.3 | 32.83 | OK | |||
r-devel-macos-arm64 | 0.0.3 | 16.00 | OK | |||
r-devel-macos-x86_64 | 0.0.3 | 30.00 | OK | |||
r-devel-windows-x86_64 | 0.0.3 | 2.00 | 54.00 | 56.00 | OK | |
r-patched-linux-x86_64 | 0.0.3 | 1.72 | 18.59 | 20.31 | OK | |
r-release-linux-x86_64 | 0.0.3 | 1.77 | 18.64 | 20.41 | OK | |
r-release-macos-arm64 | 0.0.3 | 20.00 | OK | |||
r-release-macos-x86_64 | 0.0.3 | 40.00 | OK | |||
r-release-windows-x86_64 | 0.0.3 | 2.00 | 3.00 | 5.00 | FAIL | |
r-oldrel-macos-arm64 | 0.0.3 | 26.00 | OK | |||
r-oldrel-macos-x86_64 | 0.0.3 | 44.00 | OK | |||
r-oldrel-windows-x86_64 | 0.0.3 | 3.00 | 43.00 | 46.00 | OK |
Version: 0.0.3
Check: package dependencies
Result: FAIL
Flavor: r-release-windows-x86_64