Last updated on 2025-02-19 09:50:42 CET.
Flavor | Version | Tinstall | Tcheck | Ttotal | Status | Flags |
---|---|---|---|---|---|---|
r-devel-linux-x86_64-debian-clang | 0.1.0 | 3.14 | 27.94 | 31.08 | OK | |
r-devel-linux-x86_64-debian-gcc | 0.1.0 | 2.48 | 22.61 | 25.09 | OK | |
r-devel-linux-x86_64-fedora-clang | 0.1.0 | 48.55 | OK | |||
r-devel-linux-x86_64-fedora-gcc | 0.1.0 | 48.95 | OK | |||
r-devel-macos-arm64 | 0.1.0 | 19.00 | OK | |||
r-devel-macos-x86_64 | 0.1.0 | 35.00 | OK | |||
r-devel-windows-x86_64 | 0.1.0 | 4.00 | 51.00 | 55.00 | OK | |
r-patched-linux-x86_64 | 0.1.0 | 3.19 | 27.43 | 30.62 | NOTE | |
r-release-linux-x86_64 | 0.1.0 | 2.89 | 26.95 | 29.84 | NOTE | |
r-release-macos-arm64 | 0.1.0 | 19.00 | NOTE | |||
r-release-macos-x86_64 | 0.1.0 | 29.00 | NOTE | |||
r-release-windows-x86_64 | 0.1.0 | 4.00 | 3.00 | 7.00 | FAIL | |
r-oldrel-macos-arm64 | 0.1.0 | 20.00 | NOTE | |||
r-oldrel-macos-x86_64 | 0.1.0 | 29.00 | NOTE | |||
r-oldrel-windows-x86_64 | 0.1.0 | 6.00 | 80.00 | 86.00 | NOTE |
Version: 0.1.0
Check: LazyData
Result: NOTE
'LazyData' is specified without a 'data' directory
Flavors: r-patched-linux-x86_64, r-release-linux-x86_64, r-release-macos-arm64, r-release-macos-x86_64, r-oldrel-macos-arm64, r-oldrel-macos-x86_64, r-oldrel-windows-x86_64
Version: 0.1.0
Check: package dependencies
Result: FAIL
Flavor: r-release-windows-x86_64