Last updated on 2025-02-19 09:50:42 CET.
Flavor | Version | Tinstall | Tcheck | Ttotal | Status | Flags |
---|---|---|---|---|---|---|
r-devel-linux-x86_64-debian-clang | 1.4 | 33.80 | 150.79 | 184.59 | OK | |
r-devel-linux-x86_64-debian-gcc | 1.4 | 20.60 | 94.43 | 115.03 | OK | |
r-devel-linux-x86_64-fedora-clang | 1.4 | 289.36 | OK | |||
r-devel-linux-x86_64-fedora-gcc | 1.4 | 282.18 | OK | |||
r-devel-macos-arm64 | 1.4 | 71.00 | OK | |||
r-devel-macos-x86_64 | 1.4 | 144.00 | OK | |||
r-devel-windows-x86_64 | 1.4 | 36.00 | 220.00 | 256.00 | OK | |
r-patched-linux-x86_64 | 1.4 | 29.93 | 140.30 | 170.23 | OK | |
r-release-linux-x86_64 | 1.4 | 30.07 | 137.73 | 167.80 | OK | |
r-release-macos-arm64 | 1.4 | 80.00 | OK | |||
r-release-macos-x86_64 | 1.4 | 154.00 | OK | |||
r-release-windows-x86_64 | 1.4 | 37.00 | 3.00 | 40.00 | FAIL | |
r-oldrel-macos-arm64 | 1.4 | 83.00 | OK | |||
r-oldrel-macos-x86_64 | 1.4 | 157.00 | OK | |||
r-oldrel-windows-x86_64 | 1.4 | 47.00 | 195.00 | 242.00 | OK |
Version: 1.4
Check: package dependencies
Result: FAIL
Flavor: r-release-windows-x86_64