Last updated on 2025-02-19 09:50:42 CET.
Flavor | Version | Tinstall | Tcheck | Ttotal | Status | Flags |
---|---|---|---|---|---|---|
r-devel-linux-x86_64-debian-clang | 0.2.1 | 1.89 | 19.93 | 21.82 | OK | |
r-devel-linux-x86_64-debian-gcc | 0.2.1 | 1.57 | 16.01 | 17.58 | OK | |
r-devel-linux-x86_64-fedora-clang | 0.2.1 | 35.13 | OK | |||
r-devel-linux-x86_64-fedora-gcc | 0.2.1 | 33.94 | OK | |||
r-devel-macos-arm64 | 0.2.1 | 16.00 | OK | |||
r-devel-macos-x86_64 | 0.2.1 | 34.00 | OK | |||
r-devel-windows-x86_64 | 0.2.1 | 3.00 | 51.00 | 54.00 | OK | |
r-patched-linux-x86_64 | 0.2.1 | 1.97 | 19.16 | 21.13 | OK | |
r-release-linux-x86_64 | 0.2.1 | 1.35 | 18.79 | 20.14 | OK | |
r-release-macos-arm64 | 0.2.1 | 20.00 | OK | |||
r-release-macos-x86_64 | 0.2.1 | 24.00 | OK | |||
r-release-windows-x86_64 | 0.2.1 | 3.00 | 3.00 | 6.00 | FAIL | |
r-oldrel-macos-arm64 | 0.2.1 | 16.00 | OK | |||
r-oldrel-macos-x86_64 | 0.2.1 | 23.00 | OK | |||
r-oldrel-windows-x86_64 | 0.2.1 | 3.00 | 42.00 | 45.00 | OK |
Version: 0.2.1
Check: package dependencies
Result: FAIL
Flavor: r-release-windows-x86_64