Last updated on 2025-02-19 09:50:42 CET.
Flavor | Version | Tinstall | Tcheck | Ttotal | Status | Flags |
---|---|---|---|---|---|---|
r-devel-linux-x86_64-debian-clang | 1.0.0 | 3.88 | 24.44 | 28.32 | NOTE | |
r-devel-linux-x86_64-debian-gcc | 1.0.0 | 3.15 | 19.33 | 22.48 | NOTE | |
r-devel-linux-x86_64-fedora-clang | 1.0.0 | 43.59 | NOTE | |||
r-devel-linux-x86_64-fedora-gcc | 1.0.0 | 46.00 | NOTE | |||
r-devel-macos-arm64 | 1.0.0 | 20.00 | NOTE | |||
r-devel-macos-x86_64 | 1.0.0 | 35.00 | NOTE | |||
r-devel-windows-x86_64 | 1.0.0 | 6.00 | 50.00 | 56.00 | NOTE | |
r-patched-linux-x86_64 | 1.0.0 | 4.62 | 23.94 | 28.56 | NOTE | |
r-release-linux-x86_64 | 1.0.0 | 4.24 | 23.39 | 27.63 | NOTE | |
r-release-macos-arm64 | 1.0.0 | 26.00 | NOTE | |||
r-release-macos-x86_64 | 1.0.0 | 28.00 | NOTE | |||
r-release-windows-x86_64 | 1.0.0 | 5.00 | 3.00 | 8.00 | FAIL | |
r-oldrel-macos-arm64 | 1.0.0 | 22.00 | NOTE | |||
r-oldrel-macos-x86_64 | 1.0.0 | 29.00 | NOTE | |||
r-oldrel-windows-x86_64 | 1.0.0 | 8.00 | 59.00 | 67.00 | NOTE |
Version: 1.0.0
Check: Rd files
Result: NOTE
checkRd: (-1) breast_cancer_clean_features.Rd:45: Escaped LaTeX specials: \&
Flavors: r-devel-linux-x86_64-debian-clang, r-devel-linux-x86_64-debian-gcc, r-devel-linux-x86_64-fedora-clang, r-devel-linux-x86_64-fedora-gcc, r-devel-macos-arm64, r-devel-macos-x86_64, r-devel-windows-x86_64, r-patched-linux-x86_64, r-release-linux-x86_64, r-release-macos-arm64, r-release-macos-x86_64, r-oldrel-macos-arm64, r-oldrel-macos-x86_64, r-oldrel-windows-x86_64
Version: 1.0.0
Check: package dependencies
Result: FAIL
Flavor: r-release-windows-x86_64