Last updated on 2025-02-20 09:50:42 CET.
Flavor | Version | Tinstall | Tcheck | Ttotal | Status | Flags |
---|---|---|---|---|---|---|
r-devel-linux-x86_64-debian-clang | 1.1.11 | 24.17 | 37.81 | 61.98 | OK | |
r-devel-linux-x86_64-debian-gcc | 1.1.11 | 16.81 | 28.61 | 45.42 | OK | |
r-devel-linux-x86_64-fedora-clang | 1.1.11 | 116.50 | OK | |||
r-devel-linux-x86_64-fedora-gcc | 1.1.11 | 105.74 | OK | |||
r-devel-macos-arm64 | 1.1.11 | 36.00 | OK | |||
r-devel-macos-x86_64 | 1.1.11 | 68.00 | OK | |||
r-devel-windows-x86_64 | 1.1.11 | 60.00 | 80.00 | 140.00 | OK | |
r-patched-linux-x86_64 | 1.1.11 | 24.43 | 35.70 | 60.13 | OK | |
r-release-linux-x86_64 | 1.1.11 | 22.36 | 35.24 | 57.60 | OK | |
r-release-macos-arm64 | 1.1.11 | 44.00 | OK | |||
r-release-macos-x86_64 | 1.1.11 | 66.00 | NOTE | |||
r-release-windows-x86_64 | 1.1.11 | 58.00 | 3.00 | 61.00 | FAIL | |
r-oldrel-macos-arm64 | 1.1.10 | 47.00 | OK | |||
r-oldrel-macos-x86_64 | 1.1.11 | 53.00 | NOTE | |||
r-oldrel-windows-x86_64 | 1.1.11 | 64.00 | 98.00 | 162.00 | OK |
Version: 1.1.11
Check: installed package size
Result: NOTE
installed size is 6.7Mb
sub-directories of 1Mb or more:
libs 6.5Mb
Flavors: r-release-macos-x86_64, r-oldrel-macos-x86_64
Version: 1.1.11
Check: package dependencies
Result: FAIL
Flavor: r-release-windows-x86_64