Last updated on 2025-11-27 09:49:32 CET.
| Flavor | Version | Tinstall | Tcheck | Ttotal | Status | Flags |
|---|---|---|---|---|---|---|
| r-devel-linux-x86_64-debian-clang | 1.1 | 0.21 | 2.63 | 2.84 | ERROR | |
| r-devel-linux-x86_64-debian-gcc | 1.1 | 0.25 | 1.87 | 2.12 | ERROR | |
| r-devel-linux-x86_64-fedora-clang | 1.2 | 96.94 | OK | |||
| r-devel-linux-x86_64-fedora-gcc | 1.2 | 13.00 | 99.17 | 112.17 | OK | |
| r-devel-windows-x86_64 | 1.1 | 10.00 | 73.00 | 83.00 | OK | |
| r-patched-linux-x86_64 | 1.1 | 0.30 | 1.99 | 2.29 | ERROR | |
| r-release-linux-x86_64 | 1.1 | 4.70 | 55.21 | 59.91 | OK | |
| r-release-macos-arm64 | 1.2 | 1.00 | 30.00 | 31.00 | OK | |
| r-release-macos-x86_64 | 1.2 | 7.00 | 132.00 | 139.00 | OK | |
| r-release-windows-x86_64 | 1.1 | 7.00 | 79.00 | 86.00 | OK | |
| r-oldrel-macos-arm64 | 1.2 | 1.00 | 33.00 | 34.00 | OK | |
| r-oldrel-macos-x86_64 | 1.2 | 7.00 | 144.00 | 151.00 | OK | |
| r-oldrel-windows-x86_64 | 1.1 | 8.00 | 87.00 | 95.00 | OK |
Version: 1.1
Check: package dependencies
Result: ERROR
Package required but not available: ‘geojsonio’
See section ‘The DESCRIPTION file’ in the ‘Writing R Extensions’
manual.
Flavors: r-devel-linux-x86_64-debian-clang, r-devel-linux-x86_64-debian-gcc, r-patched-linux-x86_64