Last updated on 2025-02-19 09:50:42 CET.
Flavor | Version | Tinstall | Tcheck | Ttotal | Status | Flags |
---|---|---|---|---|---|---|
r-devel-linux-x86_64-debian-clang | 1.3.5 | 50.65 | 90.74 | 141.39 | NOTE | |
r-devel-linux-x86_64-debian-gcc | 1.3.5 | 27.77 | 61.99 | 89.76 | NOTE | |
r-devel-linux-x86_64-fedora-clang | 1.3.5 | 221.73 | NOTE | |||
r-devel-linux-x86_64-fedora-gcc | 1.3.5 | 225.86 | NOTE | |||
r-devel-macos-arm64 | 1.3.5 | 77.00 | NOTE | |||
r-devel-macos-x86_64 | 1.3.5 | 117.00 | NOTE | |||
r-devel-windows-x86_64 | 1.3.5 | 38.00 | 117.00 | 155.00 | NOTE | |
r-patched-linux-x86_64 | 1.3.5 | 38.04 | 83.99 | 122.03 | NOTE | |
r-release-linux-x86_64 | 1.3.5 | 36.98 | 83.58 | 120.56 | NOTE | |
r-release-macos-arm64 | 1.3.5 | 57.00 | NOTE | |||
r-release-macos-x86_64 | 1.3.5 | 73.00 | NOTE | |||
r-release-windows-x86_64 | 1.3.5 | 40.00 | 118.00 | 158.00 | NOTE | |
r-oldrel-macos-arm64 | 1.3.5 | 63.00 | NOTE | |||
r-oldrel-macos-x86_64 | 1.3.5 | 112.00 | NOTE | |||
r-oldrel-windows-x86_64 | 1.3.5 | 50.00 | 134.00 | 184.00 | NOTE |
Version: 1.3.5
Check: C++ specification
Result: NOTE
Specified C++11: please drop specification unless essential
Flavors: r-devel-linux-x86_64-debian-clang, r-devel-linux-x86_64-debian-gcc, r-devel-linux-x86_64-fedora-clang, r-devel-linux-x86_64-fedora-gcc, r-devel-macos-arm64, r-devel-macos-x86_64, r-devel-windows-x86_64, r-patched-linux-x86_64, r-release-linux-x86_64, r-release-macos-arm64, r-release-macos-x86_64, r-release-windows-x86_64, r-oldrel-macos-arm64, r-oldrel-macos-x86_64, r-oldrel-windows-x86_64