CRAN Package Check Results for Package anybadger

Last updated on 2025-02-17 09:49:35 CET.

Flavor Version Tinstall Tcheck Ttotal Status Flags
r-devel-linux-x86_64-debian-clang 0.1.0 3.86 25.71 29.57 OK
r-devel-linux-x86_64-debian-gcc 0.1.0 2.15 20.30 22.45 OK
r-devel-linux-x86_64-fedora-clang 0.1.0 47.09 NOTE
r-devel-linux-x86_64-fedora-gcc 0.1.0 45.25 NOTE
r-devel-macos-arm64 0.1.0 24.00 OK
r-devel-macos-x86_64 0.1.0 39.00 OK
r-devel-windows-x86_64 0.1.0 5.00 55.00 60.00 OK
r-patched-linux-x86_64 0.1.0 2.79 24.56 27.35 NOTE
r-release-linux-x86_64 0.1.0 3.26 24.40 27.66 NOTE
r-release-macos-arm64 0.1.0 19.00 NOTE
r-release-macos-x86_64 0.1.0 26.00 NOTE
r-release-windows-x86_64 0.1.0 5.00 46.00 51.00 NOTE
r-oldrel-macos-arm64 0.1.0 21.00 NOTE
r-oldrel-macos-x86_64 0.1.0 29.00 NOTE
r-oldrel-windows-x86_64 0.1.0 5.00 52.00 57.00 NOTE

Check Details

Version: 0.1.0
Check: dependencies in R code
Result: NOTE Namespace in Imports field not imported from: ‘R6’ All declared Imports should be used. Flavors: r-devel-linux-x86_64-fedora-clang, r-devel-linux-x86_64-fedora-gcc

Version: 0.1.0
Check: LazyData
Result: NOTE 'LazyData' is specified without a 'data' directory Flavors: r-patched-linux-x86_64, r-release-linux-x86_64, r-release-macos-arm64, r-release-macos-x86_64, r-release-windows-x86_64, r-oldrel-macos-arm64, r-oldrel-macos-x86_64, r-oldrel-windows-x86_64