Last updated on 2025-02-17 09:49:35 CET.
Flavor | Version | Tinstall | Tcheck | Ttotal | Status | Flags |
---|---|---|---|---|---|---|
r-devel-linux-x86_64-debian-clang | 0.7.5.6 | 8.01 | 82.40 | 90.41 | NOTE | |
r-devel-linux-x86_64-debian-gcc | 0.7.5.6 | 6.51 | 60.64 | 67.15 | NOTE | |
r-devel-linux-x86_64-fedora-clang | 0.7.5.6 | 146.25 | NOTE | |||
r-devel-linux-x86_64-fedora-gcc | 0.7.5.6 | 155.63 | NOTE | |||
r-devel-macos-arm64 | 0.7.5.6 | 50.00 | NOTE | |||
r-devel-macos-x86_64 | 0.7.5.6 | 98.00 | NOTE | |||
r-devel-windows-x86_64 | 0.7.5.6 | 9.00 | 138.00 | 147.00 | NOTE | |
r-patched-linux-x86_64 | 0.7.5.6 | 8.99 | 76.76 | 85.75 | NOTE | |
r-release-linux-x86_64 | 0.7.5.6 | 9.10 | 76.04 | 85.14 | NOTE | |
r-release-macos-arm64 | 0.7.5.6 | 49.00 | NOTE | |||
r-release-macos-x86_64 | 0.7.5.6 | 74.00 | NOTE | |||
r-release-windows-x86_64 | 0.7.5.6 | 10.00 | 137.00 | 147.00 | NOTE | |
r-oldrel-macos-arm64 | 0.7.5.6 | 49.00 | OK | |||
r-oldrel-macos-x86_64 | 0.7.5.6 | 82.00 | OK | |||
r-oldrel-windows-x86_64 | 0.7.5.6 | 12.00 | 149.00 | 161.00 | OK |
Version: 0.7.5.6
Check: Rd files
Result: NOTE
checkRd: (-1) concat.Rd:35: Lost braces; missing escapes or markup?
35 | \item{index_unique}{Whether to make the index unique by using the keys. If provided, this is the delimeter between "{orig_idx}{index_unique}{key}". When \code{NULL}, the original indices are kept.}
| ^
checkRd: (-1) concat.Rd:35: Lost braces
35 | \item{index_unique}{Whether to make the index unique by using the keys. If provided, this is the delimeter between "{orig_idx}{index_unique}{key}". When \code{NULL}, the original indices are kept.}
| ^
checkRd: (-1) concat.Rd:35: Lost braces
35 | \item{index_unique}{Whether to make the index unique by using the keys. If provided, this is the delimeter between "{orig_idx}{index_unique}{key}". When \code{NULL}, the original indices are kept.}
| ^
Flavors: r-devel-linux-x86_64-debian-clang, r-devel-linux-x86_64-debian-gcc, r-devel-linux-x86_64-fedora-clang, r-devel-linux-x86_64-fedora-gcc, r-devel-macos-arm64, r-devel-macos-x86_64, r-devel-windows-x86_64, r-patched-linux-x86_64, r-release-linux-x86_64, r-release-macos-arm64, r-release-macos-x86_64, r-release-windows-x86_64