Last updated on 2025-02-20 09:50:42 CET.
Flavor | Version | Tinstall | Tcheck | Ttotal | Status | Flags |
---|---|---|---|---|---|---|
r-devel-linux-x86_64-debian-clang | 1.0.1 | 5.67 | 79.54 | 85.21 | OK | |
r-devel-linux-x86_64-debian-gcc | 1.0.1 | 4.30 | 57.46 | 61.76 | OK | |
r-devel-linux-x86_64-fedora-clang | 1.0.1 | 134.80 | OK | |||
r-devel-linux-x86_64-fedora-gcc | 1.0.1 | 145.65 | OK | |||
r-devel-macos-arm64 | 1.0.1 | 45.00 | OK | |||
r-devel-macos-x86_64 | 1.0.1 | 91.00 | OK | |||
r-devel-windows-x86_64 | 1.0.1 | 10.00 | 92.00 | 102.00 | OK | |
r-patched-linux-x86_64 | 1.0.1 | 5.40 | 73.98 | 79.38 | NOTE | |
r-release-linux-x86_64 | 1.0.1 | 5.87 | 74.12 | 79.99 | NOTE | |
r-release-macos-arm64 | 1.0.1 | 44.00 | NOTE | |||
r-release-macos-x86_64 | 1.0.1 | 68.00 | NOTE | |||
r-release-windows-x86_64 | 1.0.1 | 9.00 | 90.00 | 99.00 | NOTE | |
r-oldrel-macos-arm64 | 1.0.1 | 45.00 | NOTE | |||
r-oldrel-macos-x86_64 | 1.0.1 | 76.00 | NOTE | |||
r-oldrel-windows-x86_64 | 1.0.1 | 9.00 | 126.00 | 135.00 | NOTE |
Version: 1.0.1
Check: LazyData
Result: NOTE
'LazyData' is specified without a 'data' directory
Flavors: r-patched-linux-x86_64, r-release-linux-x86_64, r-release-macos-arm64, r-release-macos-x86_64, r-release-windows-x86_64, r-oldrel-macos-arm64, r-oldrel-macos-x86_64, r-oldrel-windows-x86_64