Last updated on 2025-07-12 09:49:12 CEST.
Flavor | Version | Tinstall | Tcheck | Ttotal | Status | Flags |
---|---|---|---|---|---|---|
r-devel-linux-x86_64-debian-clang | 1.4.5 | 6.15 | 44.94 | 51.09 | OK | --no-vignettes |
r-devel-linux-x86_64-debian-gcc | 1.4.5 | 4.27 | 33.46 | 37.73 | WARN | --no-vignettes |
r-devel-linux-x86_64-fedora-clang | 1.4.5 | 80.58 | OK | --no-vignettes | ||
r-devel-linux-x86_64-fedora-gcc | 1.4.5 | 75.87 | OK | --no-vignettes | ||
r-devel-windows-x86_64 | 1.4.5 | 8.00 | 94.00 | 102.00 | OK | --no-vignettes |
r-patched-linux-x86_64 | 1.4.5 | 6.81 | 42.64 | 49.45 | OK | --no-vignettes |
r-release-linux-x86_64 | 1.4.5 | 5.48 | 42.53 | 48.01 | OK | --no-vignettes |
r-release-macos-arm64 | 1.4.5 | 557.00 | OK | |||
r-release-macos-x86_64 | 1.4.5 | 1677.00 | OK | |||
r-release-windows-x86_64 | 1.4.5 | 9.00 | 78.00 | 87.00 | OK | --no-vignettes |
r-oldrel-macos-arm64 | 1.4.5 | 532.00 | OK | |||
r-oldrel-macos-x86_64 | 1.4.5 | 1318.00 | OK | |||
r-oldrel-windows-x86_64 | 1.4.5 | 8.00 | 85.00 | 93.00 | OK | --no-vignettes |
Version: 1.4.5
Flags: --no-vignettes
Check: replacement functions
Result: WARN
‘plot.:.ame’ ‘summary.:.ame’ ‘plot.:.ame’ ‘summary.:.ame’
The argument of a replacement function which corresponds to the right
hand side must be named ‘value’.
Flavor: r-devel-linux-x86_64-debian-gcc