Last updated on 2025-02-19 09:50:41 CET.
Flavor | Version | Tinstall | Tcheck | Ttotal | Status | Flags |
---|---|---|---|---|---|---|
r-devel-linux-x86_64-debian-clang | 1.1.1 | 4.84 | 65.44 | 70.28 | NOTE | |
r-devel-linux-x86_64-debian-gcc | 1.1.1 | 3.76 | 47.13 | 50.89 | NOTE | |
r-devel-linux-x86_64-fedora-clang | 1.1.1 | 108.93 | NOTE | |||
r-devel-linux-x86_64-fedora-gcc | 1.1.1 | 124.09 | NOTE | |||
r-devel-macos-arm64 | 1.1.1 | 38.00 | NOTE | |||
r-devel-macos-x86_64 | 1.1.1 | 76.00 | NOTE | |||
r-devel-windows-x86_64 | 1.1.1 | 7.00 | 80.00 | 87.00 | NOTE | |
r-patched-linux-x86_64 | 1.1.1 | 4.84 | 60.45 | 65.29 | NOTE | |
r-release-linux-x86_64 | 1.1.1 | 4.69 | 61.62 | 66.31 | NOTE | |
r-release-macos-arm64 | 1.1.1 | 40.00 | NOTE | |||
r-release-macos-x86_64 | 1.1.1 | 60.00 | NOTE | |||
r-release-windows-x86_64 | 1.1.1 | 8.00 | 82.00 | 90.00 | NOTE | |
r-oldrel-macos-arm64 | 1.1.1 | 41.00 | NOTE | |||
r-oldrel-macos-x86_64 | 1.1.1 | 63.00 | NOTE | |||
r-oldrel-windows-x86_64 | 1.1.1 | 9.00 | 92.00 | 101.00 | NOTE |
Version: 1.1.1
Check: package subdirectories
Result: NOTE
Problems with news in ‘NEWS.md’:
No news entries found.
Flavors: r-devel-linux-x86_64-debian-clang, r-devel-linux-x86_64-debian-gcc, r-devel-linux-x86_64-fedora-clang, r-devel-linux-x86_64-fedora-gcc, r-devel-macos-arm64, r-devel-macos-x86_64, r-devel-windows-x86_64, r-patched-linux-x86_64, r-release-linux-x86_64, r-release-macos-arm64, r-release-macos-x86_64, r-release-windows-x86_64, r-oldrel-macos-arm64, r-oldrel-macos-x86_64, r-oldrel-windows-x86_64