Last updated on 2025-02-15 09:52:36 CET.
Flavor | Version | Tinstall | Tcheck | Ttotal | Status | Flags |
---|---|---|---|---|---|---|
r-devel-linux-x86_64-debian-clang | 1.3.0 | 19.60 | 149.12 | 168.72 | OK | |
r-devel-linux-x86_64-debian-gcc | 1.3.0 | 11.76 | 97.00 | 108.76 | OK | |
r-devel-linux-x86_64-fedora-clang | 1.3.0 | 276.13 | NOTE | |||
r-devel-linux-x86_64-fedora-gcc | 1.3.0 | 261.81 | NOTE | |||
r-devel-macos-arm64 | 1.3.0 | 75.00 | OK | |||
r-devel-macos-x86_64 | 1.3.0 | 154.00 | OK | |||
r-devel-windows-x86_64 | 1.3.0 | 21.00 | 170.00 | 191.00 | OK | |
r-patched-linux-x86_64 | 1.3.0 | 20.94 | 139.76 | 160.70 | OK | |
r-release-linux-x86_64 | 1.3.0 | 17.53 | 136.72 | 154.25 | OK | |
r-release-macos-arm64 | 1.3.0 | 75.00 | OK | |||
r-release-macos-x86_64 | 1.3.0 | 144.00 | OK | |||
r-release-windows-x86_64 | 1.3.0 | 20.00 | 167.00 | 187.00 | OK | |
r-oldrel-macos-arm64 | 1.3.0 | 90.00 | OK | |||
r-oldrel-macos-x86_64 | 1.3.0 | 157.00 | OK | |||
r-oldrel-windows-x86_64 | 1.3.0 | 28.00 | 210.00 | 238.00 | OK |
Version: 1.3.0
Check: dependencies in R code
Result: NOTE
Namespace in Imports field not imported from: ‘svglite’
All declared Imports should be used.
Flavors: r-devel-linux-x86_64-fedora-clang, r-devel-linux-x86_64-fedora-gcc