Last updated on 2025-02-19 09:50:41 CET.
Flavor | Version | Tinstall | Tcheck | Ttotal | Status | Flags |
---|---|---|---|---|---|---|
r-devel-linux-x86_64-debian-clang | 1.1 | 3.62 | 28.66 | 32.28 | OK | |
r-devel-linux-x86_64-debian-gcc | 1.1 | 2.59 | 21.67 | 24.26 | OK | |
r-devel-linux-x86_64-fedora-clang | 1.1 | 50.50 | OK | |||
r-devel-linux-x86_64-fedora-gcc | 1.1 | 50.99 | OK | |||
r-devel-macos-arm64 | 1.1 | 17.00 | OK | |||
r-devel-macos-x86_64 | 1.1 | 42.00 | OK | |||
r-devel-windows-x86_64 | 1.1 | 6.00 | 56.00 | 62.00 | OK | |
r-patched-linux-x86_64 | 1.1 | 3.69 | 27.92 | 31.61 | OK | |
r-release-linux-x86_64 | 1.1 | 3.60 | 27.85 | 31.45 | OK | |
r-release-macos-arm64 | 1.1 | 26.00 | OK | |||
r-release-macos-x86_64 | 1.1 | 42.00 | OK | |||
r-release-windows-x86_64 | 1.1 | 6.00 | 3.00 | 9.00 | FAIL | |
r-oldrel-macos-arm64 | 1.0 | 27.00 | OK | |||
r-oldrel-macos-x86_64 | 1.1 | 37.00 | OK | |||
r-oldrel-windows-x86_64 | 1.1 | 7.00 | 60.00 | 67.00 | OK |
Version: 1.1
Check: package dependencies
Result: FAIL
Flavor: r-release-windows-x86_64