Last updated on 2025-02-19 09:51:08 CET.
Flavor | Version | Tinstall | Tcheck | Ttotal | Status | Flags |
---|---|---|---|---|---|---|
r-devel-linux-x86_64-debian-clang | 0.2 | 6.28 | 54.92 | 61.20 | OK | |
r-devel-linux-x86_64-debian-gcc | 0.2 | 4.29 | 39.20 | 43.49 | OK | |
r-devel-linux-x86_64-fedora-clang | 0.2 | 95.74 | OK | |||
r-devel-linux-x86_64-fedora-gcc | 0.2 | 89.06 | OK | |||
r-devel-macos-arm64 | 0.2 | 29.00 | OK | |||
r-devel-macos-x86_64 | 0.2 | 63.00 | OK | |||
r-devel-windows-x86_64 | 0.2 | 10.00 | 66.00 | 76.00 | OK | |
r-patched-linux-x86_64 | 0.2 | 5.84 | 48.75 | 54.59 | OK | |
r-release-linux-x86_64 | 0.2 | 5.97 | 49.83 | 55.80 | OK | |
r-release-macos-arm64 | 0.2 | 28.00 | OK | |||
r-release-macos-x86_64 | 0.2 | 47.00 | OK | |||
r-release-windows-x86_64 | 0.2 | 9.00 | 3.00 | 12.00 | FAIL | |
r-oldrel-macos-arm64 | 0.2 | 31.00 | OK | |||
r-oldrel-macos-x86_64 | 0.2 | 44.00 | OK | |||
r-oldrel-windows-x86_64 | 0.2 | 10.00 | 77.00 | 87.00 | OK |
Version: 0.2
Check: package dependencies
Result: FAIL
Flavor: r-release-windows-x86_64