Last updated on 2025-02-20 09:51:07 CET.
Flavor | Version | Tinstall | Tcheck | Ttotal | Status | Flags |
---|---|---|---|---|---|---|
r-devel-linux-x86_64-debian-clang | 0.9.4 | 14.80 | 95.61 | 110.41 | OK | |
r-devel-linux-x86_64-debian-gcc | 0.9.4 | 9.38 | 69.00 | 78.38 | OK | |
r-devel-linux-x86_64-fedora-clang | 0.9.4 | 174.71 | OK | |||
r-devel-linux-x86_64-fedora-gcc | 0.9.4 | 165.34 | OK | |||
r-devel-macos-arm64 | 0.9.4 | 51.00 | OK | |||
r-devel-macos-x86_64 | 0.9.4 | 103.00 | OK | |||
r-devel-windows-x86_64 | 0.9.4 | 15.00 | 117.00 | 132.00 | OK | |
r-patched-linux-x86_64 | 0.9.4 | 15.47 | 88.58 | 104.05 | OK | |
r-release-linux-x86_64 | 0.9.4 | 13.93 | 88.40 | 102.33 | OK | |
r-release-macos-arm64 | 0.9.4 | 48.00 | OK | |||
r-release-macos-x86_64 | 0.9.4 | 67.00 | OK | |||
r-release-windows-x86_64 | 0.9.4 | 17.00 | 3.00 | 20.00 | FAIL | |
r-oldrel-macos-arm64 | 0.9.4 | 48.00 | OK | |||
r-oldrel-macos-x86_64 | 0.9.4 | 135.00 | OK | |||
r-oldrel-windows-x86_64 | 0.9.4 | 21.00 | 145.00 | 166.00 | OK |
Version: 0.9.4
Check: package dependencies
Result: FAIL
Flavor: r-release-windows-x86_64