Last updated on 2025-02-20 09:51:07 CET.
Flavor | Version | Tinstall | Tcheck | Ttotal | Status | Flags |
---|---|---|---|---|---|---|
r-devel-linux-x86_64-debian-clang | 0.1.0 | 7.48 | 64.58 | 72.06 | OK | |
r-devel-linux-x86_64-debian-gcc | 0.1.0 | 6.08 | 49.56 | 55.64 | OK | |
r-devel-linux-x86_64-fedora-clang | 0.1.0 | 111.15 | OK | |||
r-devel-linux-x86_64-fedora-gcc | 0.1.0 | 105.53 | OK | |||
r-devel-macos-arm64 | 0.1.0 | 33.00 | OK | |||
r-devel-macos-x86_64 | 0.1.0 | 60.00 | OK | |||
r-devel-windows-x86_64 | 0.1.0 | 9.00 | 82.00 | 91.00 | OK | |
r-patched-linux-x86_64 | 0.1.0 | 7.48 | 60.26 | 67.74 | OK | |
r-release-linux-x86_64 | 0.1.0 | 7.69 | 59.66 | 67.35 | OK | |
r-release-macos-arm64 | 0.1.0 | 39.00 | OK | |||
r-release-macos-x86_64 | 0.1.0 | 66.00 | OK | |||
r-release-windows-x86_64 | 0.1.0 | 9.00 | 3.00 | 12.00 | FAIL | |
r-oldrel-macos-arm64 | 0.1.0 | 41.00 | OK | |||
r-oldrel-macos-x86_64 | 0.1.0 | 56.00 | OK | |||
r-oldrel-windows-x86_64 | 0.1.0 | 12.00 | 99.00 | 111.00 | OK |
Version: 0.1.0
Check: package dependencies
Result: FAIL
Flavor: r-release-windows-x86_64