Last updated on 2025-02-19 09:51:07 CET.
Flavor | Version | Tinstall | Tcheck | Ttotal | Status | Flags |
---|---|---|---|---|---|---|
r-devel-linux-x86_64-debian-clang | 0.1.1 | 11.96 | 96.68 | 108.64 | OK | |
r-devel-linux-x86_64-debian-gcc | 0.1.1 | 7.85 | 70.75 | 78.60 | OK | |
r-devel-linux-x86_64-fedora-clang | 0.1.1 | 167.93 | OK | |||
r-devel-linux-x86_64-fedora-gcc | 0.1.1 | 158.29 | OK | |||
r-devel-macos-arm64 | 0.1.1 | 49.00 | OK | |||
r-devel-macos-x86_64 | 0.1.1 | 92.00 | OK | |||
r-devel-windows-x86_64 | 0.1.1 | 13.00 | 102.00 | 115.00 | OK | |
r-patched-linux-x86_64 | 0.1.1 | 11.88 | 88.72 | 100.60 | NOTE | |
r-release-linux-x86_64 | 0.1.1 | 10.60 | 88.35 | 98.95 | NOTE | |
r-release-macos-arm64 | 0.1.1 | 49.00 | NOTE | |||
r-release-macos-x86_64 | 0.1.1 | 65.00 | NOTE | |||
r-release-windows-x86_64 | 0.1.1 | 13.00 | 3.00 | 16.00 | FAIL | |
r-oldrel-macos-arm64 | 0.1.1 | 51.00 | NOTE | |||
r-oldrel-macos-x86_64 | 0.1.1 | 84.00 | NOTE | |||
r-oldrel-windows-x86_64 | 0.1.1 | 17.00 | 118.00 | 135.00 | NOTE |
Version: 0.1.1
Check: LazyData
Result: NOTE
'LazyData' is specified without a 'data' directory
Flavors: r-patched-linux-x86_64, r-release-linux-x86_64, r-release-macos-arm64, r-release-macos-x86_64, r-oldrel-macos-arm64, r-oldrel-macos-x86_64, r-oldrel-windows-x86_64
Version: 0.1.1
Check: package dependencies
Result: FAIL
Flavor: r-release-windows-x86_64