Last updated on 2025-02-20 09:51:07 CET.
Flavor | Version | Tinstall | Tcheck | Ttotal | Status | Flags |
---|---|---|---|---|---|---|
r-devel-linux-x86_64-debian-clang | 0.1.0 | 14.66 | 102.70 | 117.36 | OK | |
r-devel-linux-x86_64-debian-gcc | 0.1.0 | 10.71 | 78.29 | 89.00 | OK | |
r-devel-linux-x86_64-fedora-clang | 0.1.0 | 184.22 | OK | |||
r-devel-linux-x86_64-fedora-gcc | 0.1.0 | 175.25 | OK | |||
r-devel-macos-arm64 | 0.1.0 | 53.00 | OK | |||
r-devel-macos-x86_64 | 0.1.0 | 104.00 | OK | |||
r-devel-windows-x86_64 | 0.1.0 | 14.00 | 102.00 | 116.00 | OK | |
r-patched-linux-x86_64 | 0.1.0 | 13.63 | 95.81 | 109.44 | OK | |
r-release-linux-x86_64 | 0.1.0 | 12.13 | 96.30 | 108.43 | OK | |
r-release-macos-arm64 | 0.1.0 | 54.00 | OK | |||
r-release-macos-x86_64 | 0.1.0 | 104.00 | OK | |||
r-release-windows-x86_64 | 0.1.0 | 15.00 | 3.00 | 18.00 | FAIL | |
r-oldrel-macos-arm64 | 0.1.0 | 54.00 | OK | |||
r-oldrel-macos-x86_64 | 0.1.0 | 90.00 | OK | |||
r-oldrel-windows-x86_64 | 0.1.0 | 19.00 | 130.00 | 149.00 | OK |
Version: 0.1.0
Check: package dependencies
Result: FAIL
Flavor: r-release-windows-x86_64