Last updated on 2025-02-19 09:51:07 CET.
Flavor | Version | Tinstall | Tcheck | Ttotal | Status | Flags |
---|---|---|---|---|---|---|
r-devel-linux-x86_64-debian-clang | 0.1.0 | 19.28 | 92.10 | 111.38 | OK | |
r-devel-linux-x86_64-debian-gcc | 0.1.0 | 12.71 | 68.28 | 80.99 | OK | |
r-devel-linux-x86_64-fedora-clang | 0.1.0 | 179.29 | OK | |||
r-devel-linux-x86_64-fedora-gcc | 0.1.0 | 168.13 | OK | |||
r-devel-macos-arm64 | 0.1.0 | 49.00 | OK | |||
r-devel-macos-x86_64 | 0.1.0 | 97.00 | OK | |||
r-devel-windows-x86_64 | 0.1.0 | 24.00 | 120.00 | 144.00 | OK | |
r-patched-linux-x86_64 | 0.1.0 | 17.76 | 85.12 | 102.88 | OK | |
r-release-linux-x86_64 | 0.1.0 | 18.35 | 85.40 | 103.75 | OK | |
r-release-macos-arm64 | 0.1.0 | 50.00 | OK | |||
r-release-macos-x86_64 | 0.1.0 | 132.00 | OK | |||
r-release-windows-x86_64 | 0.1.0 | 23.00 | 3.00 | 26.00 | FAIL | |
r-oldrel-macos-arm64 | 0.1.0 | 55.00 | OK | |||
r-oldrel-macos-x86_64 | 0.1.0 | 97.00 | OK | |||
r-oldrel-windows-x86_64 | 0.1.0 | 28.00 | 156.00 | 184.00 | OK |
Version: 0.1.0
Check: package dependencies
Result: FAIL
Flavor: r-release-windows-x86_64