Last updated on 2025-02-20 09:51:07 CET.
Flavor | Version | Tinstall | Tcheck | Ttotal | Status | Flags |
---|---|---|---|---|---|---|
r-devel-linux-x86_64-debian-clang | 1.7.3 | 6.48 | 52.90 | 59.38 | OK | |
r-devel-linux-x86_64-debian-gcc | 1.7.3 | 4.55 | 36.82 | 41.37 | OK | |
r-devel-linux-x86_64-fedora-clang | 1.7.3 | 92.26 | OK | |||
r-devel-linux-x86_64-fedora-gcc | 1.7.3 | 90.23 | OK | |||
r-devel-macos-arm64 | 1.7.3 | 33.00 | OK | |||
r-devel-macos-x86_64 | 1.7.3 | 62.00 | OK | |||
r-devel-windows-x86_64 | 1.7.3 | 8.00 | 71.00 | 79.00 | OK | |
r-patched-linux-x86_64 | 1.7.3 | 7.63 | 48.89 | 56.52 | OK | |
r-release-linux-x86_64 | 1.7.3 | 5.81 | 48.99 | 54.80 | OK | |
r-release-macos-arm64 | 1.7.3 | 31.00 | OK | |||
r-release-macos-x86_64 | 1.7.3 | 55.00 | OK | |||
r-release-windows-x86_64 | 1.7.3 | 8.00 | 3.00 | 11.00 | FAIL | |
r-oldrel-macos-arm64 | 1.7.3 | 33.00 | OK | |||
r-oldrel-macos-x86_64 | 1.7.3 | 46.00 | OK | |||
r-oldrel-windows-x86_64 | 1.7.3 | 9.00 | 98.00 | 107.00 | OK |
Version: 1.7.3
Check: package dependencies
Result: FAIL
Flavor: r-release-windows-x86_64