Last updated on 2025-02-19 09:51:07 CET.
Flavor | Version | Tinstall | Tcheck | Ttotal | Status | Flags |
---|---|---|---|---|---|---|
r-devel-linux-x86_64-debian-clang | 1.0 | 2.98 | 24.09 | 27.07 | OK | |
r-devel-linux-x86_64-debian-gcc | 1.0 | 2.08 | 18.82 | 20.90 | OK | |
r-devel-linux-x86_64-fedora-clang | 1.0 | 42.85 | OK | |||
r-devel-linux-x86_64-fedora-gcc | 1.0 | 40.59 | OK | |||
r-devel-macos-arm64 | 1.0 | 16.00 | OK | |||
r-devel-macos-x86_64 | 1.0 | 28.00 | OK | |||
r-devel-windows-x86_64 | 1.0 | 4.00 | 49.00 | 53.00 | OK | |
r-patched-linux-x86_64 | 1.0 | 3.18 | 22.75 | 25.93 | OK | |
r-release-linux-x86_64 | 1.0 | 2.43 | 23.06 | 25.49 | OK | |
r-release-macos-arm64 | 1.0 | 16.00 | OK | |||
r-release-macos-x86_64 | 1.0 | 25.00 | OK | |||
r-release-windows-x86_64 | 1.0 | 4.00 | 3.00 | 7.00 | FAIL | |
r-oldrel-macos-arm64 | 1.0 | 51.00 | OK | |||
r-oldrel-macos-x86_64 | 1.0 | 42.00 | OK | |||
r-oldrel-windows-x86_64 | 1.0 | 4.00 | 73.00 | 77.00 | OK |
Version: 1.0
Check: package dependencies
Result: FAIL
Flavor: r-release-windows-x86_64