Last updated on 2025-02-19 09:51:07 CET.
Flavor | Version | Tinstall | Tcheck | Ttotal | Status | Flags |
---|---|---|---|---|---|---|
r-devel-linux-x86_64-debian-clang | 0.1.0 | 14.28 | 121.14 | 135.42 | OK | |
r-devel-linux-x86_64-debian-gcc | 0.1.0 | 11.44 | 91.21 | 102.65 | OK | |
r-devel-linux-x86_64-fedora-clang | 0.1.0 | 210.75 | OK | |||
r-devel-linux-x86_64-fedora-gcc | 0.1.0 | 204.40 | OK | |||
r-devel-macos-arm64 | 0.1.0 | 58.00 | OK | |||
r-devel-macos-x86_64 | 0.1.0 | 105.00 | OK | |||
r-devel-windows-x86_64 | 0.1.0 | 18.00 | 118.00 | 136.00 | OK | |
r-patched-linux-x86_64 | 0.1.0 | 14.87 | 112.81 | 127.68 | NOTE | |
r-release-linux-x86_64 | 0.1.0 | 14.09 | 111.44 | 125.53 | NOTE | |
r-release-macos-arm64 | 0.1.0 | 46.00 | NOTE | |||
r-release-macos-x86_64 | 0.1.0 | 75.00 | NOTE | |||
r-release-windows-x86_64 | 0.1.0 | 17.00 | 3.00 | 20.00 | FAIL | |
r-oldrel-macos-arm64 | 0.1.0 | 58.00 | NOTE | |||
r-oldrel-macos-x86_64 | 0.1.0 | 98.00 | NOTE | |||
r-oldrel-windows-x86_64 | 0.1.0 | 23.00 | 208.00 | 231.00 | NOTE |
Version: 0.1.0
Check: LazyData
Result: NOTE
'LazyData' is specified without a 'data' directory
Flavors: r-patched-linux-x86_64, r-release-linux-x86_64, r-release-macos-arm64, r-release-macos-x86_64, r-oldrel-macos-arm64, r-oldrel-macos-x86_64, r-oldrel-windows-x86_64
Version: 0.1.0
Check: package dependencies
Result: FAIL
Flavor: r-release-windows-x86_64