Last updated on 2025-02-19 09:51:07 CET.
Flavor | Version | Tinstall | Tcheck | Ttotal | Status | Flags |
---|---|---|---|---|---|---|
r-devel-linux-x86_64-debian-clang | 1.1.0 | 35.50 | 24.89 | 60.39 | OK | |
r-devel-linux-x86_64-debian-gcc | 1.1.0 | 29.69 | 22.75 | 52.44 | OK | |
r-devel-linux-x86_64-fedora-clang | 1.1.0 | 108.63 | OK | |||
r-devel-linux-x86_64-fedora-gcc | 1.1.0 | 122.28 | OK | |||
r-devel-macos-arm64 | 1.1.0 | 32.00 | OK | |||
r-devel-macos-x86_64 | 1.1.0 | 51.00 | OK | |||
r-devel-windows-x86_64 | 1.1.0 | 38.00 | 69.00 | 107.00 | OK | |
r-patched-linux-x86_64 | 1.1.0 | 40.56 | 27.51 | 68.07 | OK | |
r-release-linux-x86_64 | 1.1.0 | 41.20 | 27.02 | 68.22 | OK | |
r-release-macos-arm64 | 1.1.0 | 37.00 | NOTE | |||
r-release-macos-x86_64 | 1.1.0 | 62.00 | NOTE | |||
r-release-windows-x86_64 | 1.1.0 | 40.00 | 3.00 | 43.00 | FAIL | |
r-oldrel-macos-arm64 | 1.1.0 | 38.00 | NOTE | |||
r-oldrel-macos-x86_64 | 1.1.0 | 52.00 | NOTE | |||
r-oldrel-windows-x86_64 | 1.1.0 | 48.00 | 81.00 | 129.00 | OK |
Version: 1.1.0
Check: installed package size
Result: NOTE
installed size is 15.1Mb
sub-directories of 1Mb or more:
libs 15.0Mb
Flavors: r-release-macos-arm64, r-release-macos-x86_64, r-oldrel-macos-arm64, r-oldrel-macos-x86_64
Version: 1.1.0
Check: package dependencies
Result: FAIL
Flavor: r-release-windows-x86_64