Last updated on 2025-02-20 09:51:06 CET.
Flavor | Version | Tinstall | Tcheck | Ttotal | Status | Flags |
---|---|---|---|---|---|---|
r-devel-linux-x86_64-debian-clang | 1.4.0 | 7.88 | 59.38 | 67.26 | OK | |
r-devel-linux-x86_64-debian-gcc | 1.4.0 | 4.57 | 42.98 | 47.55 | OK | |
r-devel-linux-x86_64-fedora-clang | 1.4.0 | 108.73 | OK | |||
r-devel-linux-x86_64-fedora-gcc | 1.4.0 | 227.07 | OK | |||
r-devel-macos-arm64 | 1.4.0 | 66.00 | OK | |||
r-devel-macos-x86_64 | 1.4.0 | 149.00 | OK | |||
r-devel-windows-x86_64 | 1.4.0 | 9.00 | 70.00 | 79.00 | OK | |
r-patched-linux-x86_64 | 1.4.0 | 7.58 | 53.04 | 60.62 | NOTE | |
r-release-linux-x86_64 | 1.4.0 | 5.91 | 53.16 | 59.07 | NOTE | |
r-release-macos-arm64 | 1.4.0 | 64.00 | NOTE | |||
r-release-macos-x86_64 | 1.4.0 | 95.00 | NOTE | |||
r-release-windows-x86_64 | 1.4.0 | 9.00 | 68.00 | 77.00 | NOTE | |
r-oldrel-macos-arm64 | 1.4.0 | 66.00 | NOTE | |||
r-oldrel-macos-x86_64 | 1.4.0 | 101.00 | NOTE | |||
r-oldrel-windows-x86_64 | 1.4.0 | 12.00 | 78.00 | 90.00 | NOTE |
Version: 1.4.0
Check: LazyData
Result: NOTE
'LazyData' is specified without a 'data' directory
Flavors: r-patched-linux-x86_64, r-release-linux-x86_64, r-release-macos-arm64, r-release-macos-x86_64, r-release-windows-x86_64, r-oldrel-macos-arm64, r-oldrel-macos-x86_64, r-oldrel-windows-x86_64
Version: 1.4.0
Check: installed package size
Result: NOTE
installed size is 8.1Mb
sub-directories of 1Mb or more:
doc 7.6Mb
Flavors: r-release-macos-arm64, r-release-macos-x86_64, r-release-windows-x86_64, r-oldrel-macos-arm64, r-oldrel-macos-x86_64, r-oldrel-windows-x86_64