Last updated on 2025-02-19 09:51:06 CET.
Flavor | Version | Tinstall | Tcheck | Ttotal | Status | Flags |
---|---|---|---|---|---|---|
r-devel-linux-x86_64-debian-clang | 0.0.1 | 22.04 | 199.74 | 221.78 | OK | |
r-devel-linux-x86_64-debian-gcc | 0.0.1 | 12.67 | 123.92 | 136.59 | OK | |
r-devel-linux-x86_64-fedora-clang | 0.0.1 | 349.56 | OK | |||
r-devel-linux-x86_64-fedora-gcc | 0.0.1 | 339.76 | OK | |||
r-devel-macos-arm64 | 0.0.1 | 77.00 | OK | |||
r-devel-macos-x86_64 | 0.0.1 | 173.00 | OK | |||
r-devel-windows-x86_64 | 0.0.1 | 18.00 | 166.00 | 184.00 | OK | |
r-patched-linux-x86_64 | 0.0.1 | 20.23 | 186.40 | 206.63 | OK | |
r-release-linux-x86_64 | 0.0.1 | 19.68 | 183.52 | 203.20 | OK | |
r-release-macos-arm64 | 0.0.1 | 66.00 | OK | |||
r-release-macos-x86_64 | 0.0.1 | 125.00 | OK | |||
r-release-windows-x86_64 | 0.0.1 | 19.00 | 3.00 | 22.00 | FAIL | |
r-oldrel-macos-arm64 | 0.0.1 | 74.00 | OK | |||
r-oldrel-macos-x86_64 | 0.0.1 | 147.00 | OK | |||
r-oldrel-windows-x86_64 | 0.0.1 | 27.00 | 310.00 | 337.00 | OK |
Version: 0.0.1
Check: package dependencies
Result: FAIL
Flavor: r-release-windows-x86_64