Last updated on 2025-02-19 09:51:06 CET.
Flavor | Version | Tinstall | Tcheck | Ttotal | Status | Flags |
---|---|---|---|---|---|---|
r-devel-linux-x86_64-debian-clang | 0.9.9 | 13.53 | 96.60 | 110.13 | NOTE | |
r-devel-linux-x86_64-debian-gcc | 0.9.9 | 9.87 | 67.43 | 77.30 | NOTE | |
r-devel-linux-x86_64-fedora-clang | 0.9.9 | 168.09 | OK | |||
r-devel-linux-x86_64-fedora-gcc | 0.9.9 | 159.31 | OK | |||
r-devel-macos-arm64 | 0.9.9 | 51.00 | OK | |||
r-devel-macos-x86_64 | 0.9.9 | 90.00 | OK | |||
r-devel-windows-x86_64 | 0.9.9 | 13.00 | 108.00 | 121.00 | NOTE | |
r-patched-linux-x86_64 | 0.9.9 | 20.21 | 89.47 | 109.68 | OK | |
r-release-linux-x86_64 | 0.9.9 | 11.75 | 89.40 | 101.15 | OK | |
r-release-macos-arm64 | 0.9.9 | 47.00 | OK | |||
r-release-macos-x86_64 | 0.9.9 | 75.00 | OK | |||
r-release-windows-x86_64 | 0.9.9 | 14.00 | 3.00 | 17.00 | FAIL | |
r-oldrel-macos-arm64 | 0.9.9 | 55.00 | OK | |||
r-oldrel-macos-x86_64 | 0.9.9 | 72.00 | OK | |||
r-oldrel-windows-x86_64 | 0.9.9 | 20.00 | 124.00 | 144.00 | OK |
Version: 0.9.9
Check: Rd cross-references
Result: NOTE
Found the following Rd file(s) with Rd \link{} targets missing package
anchors:
balance.plot.Rd: theme
covariateBalance.Rd: cv.bal.psa
loess3.plot.Rd: geom_point, geom_jitter, scale_colour_brewer,
geom_smooth, stat_smooth
multibalance.plot.Rd: cv.bal.psa
summary.triangle.matches.Rd: ezANOVA
Please provide package anchors for all Rd \link{} targets not in the
package itself and the base packages.
Flavors: r-devel-linux-x86_64-debian-clang, r-devel-linux-x86_64-debian-gcc, r-devel-windows-x86_64
Version: 0.9.9
Check: package dependencies
Result: FAIL
Flavor: r-release-windows-x86_64