Last updated on 2025-02-19 09:51:06 CET.
Flavor | Version | Tinstall | Tcheck | Ttotal | Status | Flags |
---|---|---|---|---|---|---|
r-devel-linux-x86_64-debian-clang | 2.9.2 | 51.33 | 200.14 | 251.47 | OK | |
r-devel-linux-x86_64-debian-gcc | 2.9.2 | 37.63 | 144.42 | 182.05 | OK | |
r-devel-linux-x86_64-fedora-clang | 2.9.2 | 427.23 | OK | |||
r-devel-linux-x86_64-fedora-gcc | 2.9.2 | 421.58 | OK | |||
r-devel-macos-arm64 | 2.9.2 | 120.00 | OK | |||
r-devel-macos-x86_64 | 2.9.2 | 198.00 | OK | |||
r-devel-windows-x86_64 | 2.9.2 | 57.00 | 229.00 | 286.00 | OK | |
r-patched-linux-x86_64 | 2.9.2 | 54.56 | 198.62 | 253.18 | NOTE | |
r-release-linux-x86_64 | 2.9.2 | 52.19 | 194.66 | 246.85 | NOTE | |
r-release-macos-arm64 | 2.9.2 | 118.00 | NOTE | |||
r-release-macos-x86_64 | 2.9.2 | 284.00 | NOTE | |||
r-release-windows-x86_64 | 2.9.2 | 57.00 | 232.00 | 289.00 | NOTE | |
r-oldrel-macos-arm64 | 2.9.2 | 122.00 | NOTE | |||
r-oldrel-macos-x86_64 | 2.9.2 | 252.00 | NOTE | |||
r-oldrel-windows-x86_64 | 2.9.2 | 70.00 | 290.00 | 360.00 | NOTE |
Version: 2.9.2
Check: package dependencies
Result: NOTE
Package suggested but not available for checking: ‘TreeDistData’
Flavors: r-patched-linux-x86_64, r-release-linux-x86_64, r-release-macos-arm64, r-release-macos-x86_64, r-release-windows-x86_64, r-oldrel-macos-arm64, r-oldrel-macos-x86_64, r-oldrel-windows-x86_64
Version: 2.9.2
Check: installed package size
Result: NOTE
installed size is 9.0Mb
sub-directories of 1Mb or more:
doc 4.9Mb
libs 3.4Mb
Flavors: r-release-macos-arm64, r-release-macos-x86_64, r-release-windows-x86_64, r-oldrel-macos-arm64, r-oldrel-macos-x86_64, r-oldrel-windows-x86_64