Last updated on 2025-02-19 09:51:06 CET.
Flavor | Version | Tinstall | Tcheck | Ttotal | Status | Flags |
---|---|---|---|---|---|---|
r-devel-linux-x86_64-debian-clang | 1.0.8 | 9.42 | 91.63 | 101.05 | OK | |
r-devel-linux-x86_64-debian-gcc | 1.0.8 | 6.40 | 65.66 | 72.06 | OK | |
r-devel-linux-x86_64-fedora-clang | 1.0.8 | 169.91 | OK | |||
r-devel-linux-x86_64-fedora-gcc | 1.0.8 | 175.40 | OK | |||
r-devel-macos-arm64 | 1.0.8 | 64.00 | OK | |||
r-devel-macos-x86_64 | 1.0.8 | 114.00 | OK | |||
r-devel-windows-x86_64 | 1.0.8 | 14.00 | 135.00 | 149.00 | OK | |
r-patched-linux-x86_64 | 1.0.8 | 9.16 | 86.74 | 95.90 | NOTE | |
r-release-linux-x86_64 | 1.0.8 | 7.83 | 85.78 | 93.61 | NOTE | |
r-release-macos-arm64 | 1.0.8 | 59.00 | NOTE | |||
r-release-macos-x86_64 | 1.0.8 | 130.00 | NOTE | |||
r-release-windows-x86_64 | 1.0.8 | 13.00 | 130.00 | 143.00 | NOTE | |
r-oldrel-macos-arm64 | 1.0.8 | 83.00 | NOTE | |||
r-oldrel-macos-x86_64 | 1.0.8 | 124.00 | NOTE | |||
r-oldrel-windows-x86_64 | 1.0.8 | 16.00 | 240.00 | 256.00 | NOTE |
Version: 1.0.8
Check: package dependencies
Result: NOTE
Packages suggested but not available for checking:
'RGtk2', 'gWidgets2RGtk2'
Flavors: r-patched-linux-x86_64, r-release-linux-x86_64, r-release-macos-arm64, r-release-macos-x86_64, r-release-windows-x86_64, r-oldrel-macos-arm64, r-oldrel-macos-x86_64, r-oldrel-windows-x86_64