Last updated on 2025-02-19 09:51:05 CET.
Flavor | Version | Tinstall | Tcheck | Ttotal | Status | Flags |
---|---|---|---|---|---|---|
r-devel-linux-x86_64-debian-clang | 0.1.0 | 1.63 | 15.83 | 17.46 | OK | |
r-devel-linux-x86_64-debian-gcc | 0.1.0 | 1.28 | 13.27 | 14.55 | OK | |
r-devel-linux-x86_64-fedora-clang | 0.1.0 | 28.75 | NOTE | |||
r-devel-linux-x86_64-fedora-gcc | 0.1.0 | 26.69 | NOTE | |||
r-devel-macos-arm64 | 0.1.0 | 15.00 | OK | |||
r-devel-macos-x86_64 | 0.1.0 | 24.00 | OK | |||
r-devel-windows-x86_64 | 0.1.0 | 3.00 | 38.00 | 41.00 | OK | |
r-patched-linux-x86_64 | 0.1.0 | 1.63 | 15.27 | 16.90 | NOTE | |
r-release-linux-x86_64 | 0.1.0 | 1.37 | 14.97 | 16.34 | NOTE | |
r-release-macos-arm64 | 0.1.0 | 14.00 | NOTE | |||
r-release-macos-x86_64 | 0.1.0 | 21.00 | NOTE | |||
r-release-windows-x86_64 | 0.1.0 | 2.00 | 3.00 | 5.00 | FAIL | |
r-oldrel-macos-arm64 | 0.1.0 | 15.00 | NOTE | |||
r-oldrel-macos-x86_64 | 0.1.0 | 19.00 | NOTE | |||
r-oldrel-windows-x86_64 | 0.1.0 | 3.00 | 187.00 | 190.00 | NOTE |
Version: 0.1.0
Check: dependencies in R code
Result: NOTE
Namespace in Imports field not imported from: ‘jiebaR’
All declared Imports should be used.
Flavors: r-devel-linux-x86_64-fedora-clang, r-devel-linux-x86_64-fedora-gcc
Version: 0.1.0
Check: LazyData
Result: NOTE
'LazyData' is specified without a 'data' directory
Flavors: r-patched-linux-x86_64, r-release-linux-x86_64, r-release-macos-arm64, r-release-macos-x86_64, r-oldrel-macos-arm64, r-oldrel-macos-x86_64, r-oldrel-windows-x86_64
Version: 0.1.0
Check: package dependencies
Result: FAIL
Flavor: r-release-windows-x86_64