Last updated on 2025-02-19 09:51:06 CET.
Flavor | Version | Tinstall | Tcheck | Ttotal | Status | Flags |
---|---|---|---|---|---|---|
r-devel-linux-x86_64-debian-clang | 0.1.0 | 12.57 | 92.96 | 105.53 | OK | |
r-devel-linux-x86_64-debian-gcc | 0.1.0 | 7.92 | 65.46 | 73.38 | OK | |
r-devel-linux-x86_64-fedora-clang | 0.1.0 | 168.28 | OK | |||
r-devel-linux-x86_64-fedora-gcc | 0.1.0 | 151.86 | OK | |||
r-devel-macos-arm64 | 0.1.0 | 51.00 | OK | |||
r-devel-macos-x86_64 | 0.1.0 | 94.00 | OK | |||
r-devel-windows-x86_64 | 0.1.0 | 12.00 | 94.00 | 106.00 | OK | |
r-patched-linux-x86_64 | 0.1.0 | 11.56 | 84.77 | 96.33 | OK | |
r-release-linux-x86_64 | 0.1.0 | 11.52 | 83.58 | 95.10 | OK | |
r-release-macos-arm64 | 0.1.0 | 46.00 | OK | |||
r-release-macos-x86_64 | 0.1.0 | 66.00 | OK | |||
r-release-windows-x86_64 | 0.1.0 | 13.00 | 3.00 | 16.00 | FAIL | |
r-oldrel-macos-arm64 | 0.1.0 | 52.00 | OK | |||
r-oldrel-macos-x86_64 | 0.1.0 | 82.00 | OK | |||
r-oldrel-windows-x86_64 | 0.1.0 | 16.00 | 116.00 | 132.00 | OK |
Version: 0.1.0
Check: package dependencies
Result: FAIL
Flavor: r-release-windows-x86_64