Last updated on 2025-02-20 09:51:06 CET.
Flavor | Version | Tinstall | Tcheck | Ttotal | Status | Flags |
---|---|---|---|---|---|---|
r-devel-linux-x86_64-debian-clang | 0.1.1 | 5.53 | 62.93 | 68.46 | OK | |
r-devel-linux-x86_64-debian-gcc | 0.1.1 | 4.19 | 43.99 | 48.18 | OK | |
r-devel-linux-x86_64-fedora-clang | 0.1.1 | 111.43 | OK | |||
r-devel-linux-x86_64-fedora-gcc | 0.1.1 | 101.38 | OK | |||
r-devel-macos-arm64 | 0.1.1 | 35.00 | OK | |||
r-devel-macos-x86_64 | 0.1.1 | 64.00 | OK | |||
r-devel-windows-x86_64 | 0.1.1 | 8.00 | 80.00 | 88.00 | OK | |
r-patched-linux-x86_64 | 0.1.1 | 5.67 | 56.50 | 62.17 | NOTE | |
r-release-linux-x86_64 | 0.1.1 | 5.46 | 57.67 | 63.13 | NOTE | |
r-release-macos-arm64 | 0.1.1 | 34.00 | NOTE | |||
r-release-macos-x86_64 | 0.1.1 | 54.00 | NOTE | |||
r-release-windows-x86_64 | 0.1.1 | 7.00 | 3.00 | 10.00 | FAIL | |
r-oldrel-macos-arm64 | 0.1.1 | 34.00 | NOTE | |||
r-oldrel-macos-x86_64 | 0.1.1 | 52.00 | NOTE | |||
r-oldrel-windows-x86_64 | 0.1.1 | 10.00 | 183.00 | 193.00 | NOTE |
Version: 0.1.1
Check: LazyData
Result: NOTE
'LazyData' is specified without a 'data' directory
Flavors: r-patched-linux-x86_64, r-release-linux-x86_64, r-release-macos-arm64, r-release-macos-x86_64, r-oldrel-macos-arm64, r-oldrel-macos-x86_64, r-oldrel-windows-x86_64
Version: 0.1.1
Check: package dependencies
Result: FAIL
Flavor: r-release-windows-x86_64