Last updated on 2025-02-19 09:51:04 CET.
Flavor | Version | Tinstall | Tcheck | Ttotal | Status | Flags |
---|---|---|---|---|---|---|
r-devel-linux-x86_64-debian-clang | 1.2.1 | 3.72 | 23.67 | 27.39 | OK | |
r-devel-linux-x86_64-debian-gcc | 1.2.1 | 2.99 | 18.66 | 21.65 | OK | |
r-devel-linux-x86_64-fedora-clang | 1.2.1 | 44.83 | NOTE | |||
r-devel-linux-x86_64-fedora-gcc | 1.2.1 | 42.07 | NOTE | |||
r-devel-macos-arm64 | 1.2.1 | 19.00 | OK | |||
r-devel-macos-x86_64 | 1.2.1 | 32.00 | OK | |||
r-devel-windows-x86_64 | 1.2.1 | 7.00 | 61.00 | 68.00 | OK | |
r-patched-linux-x86_64 | 1.2.1 | 3.55 | 22.83 | 26.38 | OK | |
r-release-linux-x86_64 | 1.2.1 | 3.54 | 22.81 | 26.35 | OK | |
r-release-macos-arm64 | 1.2.1 | 19.00 | OK | |||
r-release-macos-x86_64 | 1.2.1 | 30.00 | OK | |||
r-release-windows-x86_64 | 1.2.1 | 7.00 | 3.00 | 10.00 | FAIL | |
r-oldrel-macos-arm64 | 1.2.1 | 22.00 | OK | |||
r-oldrel-macos-x86_64 | 1.2.1 | 28.00 | OK | |||
r-oldrel-windows-x86_64 | 1.2.1 | 8.00 | 71.00 | 79.00 | OK |
Version: 1.2.1
Check: compiled code
Result: NOTE
File ‘SummaryLasso/libs/SummaryLasso.so’:
Found no calls to: ‘R_registerRoutines’, ‘R_useDynamicSymbols’
It is good practice to register native routines and to disable symbol
search.
See ‘Writing portable packages’ in the ‘Writing R Extensions’ manual.
Flavors: r-devel-linux-x86_64-fedora-clang, r-devel-linux-x86_64-fedora-gcc
Version: 1.2.1
Check: package dependencies
Result: FAIL
Flavor: r-release-windows-x86_64