Last updated on 2025-02-17 09:49:56 CET.
Flavor | Version | Tinstall | Tcheck | Ttotal | Status | Flags |
---|---|---|---|---|---|---|
r-devel-linux-x86_64-debian-clang | 1.0.4 | 36.38 | 61.04 | 97.42 | OK | |
r-devel-linux-x86_64-debian-gcc | 1.0.4 | 30.37 | 43.32 | 73.69 | OK | |
r-devel-linux-x86_64-fedora-clang | 1.0.4 | 197.26 | OK | |||
r-devel-linux-x86_64-fedora-gcc | 1.0.4 | 179.00 | OK | |||
r-devel-macos-arm64 | 1.0.4 | 44.00 | OK | |||
r-devel-macos-x86_64 | 1.0.4 | 100.00 | OK | |||
r-devel-windows-x86_64 | 1.0.4 | 44.00 | 99.00 | 143.00 | OK | |
r-patched-linux-x86_64 | 1.0.4 | 41.58 | 55.71 | 97.29 | NOTE | |
r-release-linux-x86_64 | 1.0.4 | 38.95 | 55.27 | 94.22 | NOTE | |
r-release-macos-arm64 | 1.0.4 | 33.00 | NOTE | |||
r-release-macos-x86_64 | 1.0.4 | 50.00 | NOTE | |||
r-release-windows-x86_64 | 1.0.4 | 45.00 | 103.00 | 148.00 | NOTE | |
r-oldrel-macos-arm64 | 1.0.4 | 51.00 | NOTE | |||
r-oldrel-macos-x86_64 | 1.0.4 | 160.00 | NOTE | |||
r-oldrel-windows-x86_64 | 1.0.4 | 55.00 | 108.00 | 163.00 | NOTE |
Version: 1.0.4
Check: for GNU extensions in Makefiles
Result: NOTE
GNU make is a SystemRequirements.
Flavors: r-patched-linux-x86_64, r-release-linux-x86_64, r-release-macos-arm64, r-release-macos-x86_64, r-release-windows-x86_64, r-oldrel-macos-arm64, r-oldrel-macos-x86_64, r-oldrel-windows-x86_64