Last updated on 2025-11-27 09:49:53 CET.
| Flavor | Version | Tinstall | Tcheck | Ttotal | Status | Flags |
|---|---|---|---|---|---|---|
| r-devel-linux-x86_64-debian-clang | 2.2-4 | 9.35 | 88.45 | 97.80 | NOTE | |
| r-devel-linux-x86_64-debian-gcc | 2.2-4 | 7.38 | 64.42 | 71.80 | NOTE | |
| r-devel-linux-x86_64-fedora-clang | 2.2-4 | 45.00 | 119.06 | 164.06 | OK | |
| r-devel-linux-x86_64-fedora-gcc | 2.2-4 | 20.00 | 123.02 | 143.02 | OK | |
| r-devel-windows-x86_64 | 2.2-4 | 14.00 | 98.00 | 112.00 | OK | |
| r-patched-linux-x86_64 | 2.2-4 | 9.55 | 83.82 | 93.37 | OK | |
| r-release-linux-x86_64 | 2.2-4 | 8.69 | 83.10 | 91.79 | OK | |
| r-release-macos-arm64 | 2.2-4 | OK | ||||
| r-release-macos-x86_64 | 2.2-4 | 15.00 | 114.00 | 129.00 | OK | |
| r-release-windows-x86_64 | 2.2-4 | 10.00 | 114.00 | 124.00 | OK | |
| r-oldrel-macos-arm64 | 2.2-4 | OK | ||||
| r-oldrel-macos-x86_64 | 2.2-4 | 7.00 | 64.00 | 71.00 | OK | |
| r-oldrel-windows-x86_64 | 2.2-4 | 15.00 | 121.00 | 136.00 | OK |
Version: 2.2-4
Check: CRAN incoming feasibility
Result: NOTE
Maintainer: ‘Altieri Linda <linda.altieri@unibo.it>’
No Authors@R field in DESCRIPTION.
Please add one, modifying
Authors@R: c(person(given = "L.",
family = "Altieri",
role = "aut"),
person(given = "D.",
family = "Cocchi",
role = "aut"),
person(given = "G.",
family = "Roli",
role = "aut"),
person(given = "Altieri",
family = "Linda",
role = "cre",
email = "linda.altieri@unibo.it"))
as necessary.
Flavors: r-devel-linux-x86_64-debian-clang, r-devel-linux-x86_64-debian-gcc