Last updated on 2025-02-20 09:51:04 CET.
Flavor | Version | Tinstall | Tcheck | Ttotal | Status | Flags |
---|---|---|---|---|---|---|
r-devel-linux-x86_64-debian-clang | 1.0.3 | 45.72 | 196.10 | 241.82 | OK | |
r-devel-linux-x86_64-debian-gcc | 1.0.3 | 31.82 | 128.93 | 160.75 | OK | |
r-devel-linux-x86_64-fedora-clang | 1.0.3 | 417.17 | OK | |||
r-devel-linux-x86_64-fedora-gcc | 1.0.3 | 371.34 | OK | |||
r-devel-macos-arm64 | 1.0.3 | 87.00 | OK | |||
r-devel-macos-x86_64 | 1.0.3 | 168.00 | OK | |||
r-devel-windows-x86_64 | 1.0.3 | 46.00 | 198.00 | 244.00 | OK | |
r-patched-linux-x86_64 | 1.0.3 | 42.64 | 179.26 | 221.90 | OK | |
r-release-linux-x86_64 | 1.0.3 | 43.70 | 178.41 | 222.11 | OK | |
r-release-macos-arm64 | 1.0.3 | 100.00 | NOTE | |||
r-release-macos-x86_64 | 1.0.3 | 198.00 | NOTE | |||
r-release-windows-x86_64 | 1.0.3 | 47.00 | 3.00 | 50.00 | FAIL | |
r-oldrel-macos-arm64 | 1.0.2 | 93.00 | NOTE | |||
r-oldrel-macos-x86_64 | 1.0.3 | 255.00 | NOTE | |||
r-oldrel-windows-x86_64 | 1.0.3 | 60.00 | 252.00 | 312.00 | NOTE |
Version: 1.0.3
Check: installed package size
Result: NOTE
installed size is 8.3Mb
sub-directories of 1Mb or more:
extdata 5.9Mb
libs 2.0Mb
Flavors: r-release-macos-arm64, r-release-macos-x86_64, r-oldrel-macos-x86_64, r-oldrel-windows-x86_64
Version: 1.0.3
Check: package dependencies
Result: FAIL
Flavor: r-release-windows-x86_64
Version: 1.0.2
Check: installed package size
Result: NOTE
installed size is 8.2Mb
sub-directories of 1Mb or more:
extdata 5.9Mb
libs 2.0Mb
Flavor: r-oldrel-macos-arm64