Last updated on 2025-02-19 09:51:03 CET.
Flavor | Version | Tinstall | Tcheck | Ttotal | Status | Flags |
---|---|---|---|---|---|---|
r-devel-linux-x86_64-debian-clang | 2.0-7 | 4.00 | 212.49 | 216.49 | OK | |
r-devel-linux-x86_64-debian-gcc | 2.0-7 | 2.77 | 157.29 | 160.06 | OK | |
r-devel-linux-x86_64-fedora-clang | 2.0-7 | 374.26 | OK | |||
r-devel-linux-x86_64-fedora-gcc | 2.0-7 | 353.31 | OK | |||
r-devel-macos-arm64 | 2.0-7 | 126.00 | OK | |||
r-devel-macos-x86_64 | 2.0-7 | 252.00 | OK | |||
r-devel-windows-x86_64 | 2.0-7 | 7.00 | 418.00 | 425.00 | OK | |
r-patched-linux-x86_64 | 2.0-7 | 6.22 | 201.79 | 208.01 | OK | |
r-release-linux-x86_64 | 2.0-7 | 3.69 | 204.55 | 208.24 | OK | |
r-release-macos-arm64 | 2.0-7 | 114.00 | NOTE | |||
r-release-macos-x86_64 | 2.0-7 | 325.00 | NOTE | |||
r-release-windows-x86_64 | 2.0-7 | 8.00 | 383.00 | 391.00 | NOTE | |
r-oldrel-macos-arm64 | 2.0-7 | 128.00 | NOTE | |||
r-oldrel-macos-x86_64 | 2.0-7 | 375.00 | NOTE | |||
r-oldrel-windows-x86_64 | 2.0-7 | 8.00 | 642.00 | 650.00 | NOTE |
Version: 2.0-7
Check: installed package size
Result: NOTE
installed size is 5.1Mb
sub-directories of 1Mb or more:
doc 4.4Mb
Flavors: r-release-macos-arm64, r-release-macos-x86_64, r-release-windows-x86_64, r-oldrel-macos-arm64, r-oldrel-macos-x86_64, r-oldrel-windows-x86_64