Last updated on 2025-11-27 09:49:52 CET.
| Flavor | Version | Tinstall | Tcheck | Ttotal | Status | Flags |
|---|---|---|---|---|---|---|
| r-devel-linux-x86_64-debian-clang | 0.1.3 | 38.51 | 35.60 | 74.11 | NOTE | |
| r-devel-linux-x86_64-debian-gcc | 0.1.3 | 20.59 | 27.82 | 48.41 | NOTE | |
| r-devel-linux-x86_64-fedora-clang | 0.1.3 | 82.00 | 52.47 | 134.47 | NOTE | |
| r-devel-linux-x86_64-fedora-gcc | 0.1.3 | 65.00 | 60.91 | 125.91 | NOTE | |
| r-devel-windows-x86_64 | 0.1.3 | 50.00 | 78.00 | 128.00 | NOTE | |
| r-patched-linux-x86_64 | 0.1.3 | 34.83 | 33.06 | 67.89 | NOTE | |
| r-release-linux-x86_64 | 0.1.3 | 33.64 | 33.31 | 66.95 | NOTE | |
| r-release-macos-arm64 | 0.1.3 | NOTE | ||||
| r-release-macos-x86_64 | 0.1.3 | 15.00 | 49.00 | 64.00 | NOTE | |
| r-release-windows-x86_64 | 0.1.3 | 45.00 | 78.00 | 123.00 | NOTE | |
| r-oldrel-macos-arm64 | 0.1.3 | NOTE | ||||
| r-oldrel-macos-x86_64 | 0.1.3 | 20.00 | 38.00 | 58.00 | NOTE | |
| r-oldrel-windows-x86_64 | 0.1.3 | 53.00 | 92.00 | 145.00 | NOTE |
Version: 0.1.3
Check: C++ specification
Result: NOTE
Specified C++14: please drop specification unless essential
Flavors: r-devel-linux-x86_64-debian-clang, r-devel-linux-x86_64-debian-gcc, r-devel-windows-x86_64, r-patched-linux-x86_64, r-release-linux-x86_64, r-release-macos-arm64, r-release-macos-x86_64, r-release-windows-x86_64, r-oldrel-macos-arm64, r-oldrel-macos-x86_64, r-oldrel-windows-x86_64
Version: 0.1.3
Check: C++ specification
Result: NOTE
Specified C++14: support will be removed soon
Flavors: r-devel-linux-x86_64-fedora-clang, r-devel-linux-x86_64-fedora-gcc