Last updated on 2025-02-16 09:50:53 CET.
Flavor | Version | Tinstall | Tcheck | Ttotal | Status | Flags |
---|---|---|---|---|---|---|
r-devel-linux-x86_64-debian-clang | 0.1 | 4.94 | 55.76 | 60.70 | NOTE | |
r-devel-linux-x86_64-debian-gcc | 0.1 | 4.24 | 41.22 | 45.46 | NOTE | |
r-devel-linux-x86_64-fedora-clang | 0.1 | 100.68 | NOTE | |||
r-devel-linux-x86_64-fedora-gcc | 0.1 | 92.30 | NOTE | |||
r-devel-macos-arm64 | 0.1 | 32.00 | OK | |||
r-devel-macos-x86_64 | 0.1 | 52.00 | OK | |||
r-devel-windows-x86_64 | 0.1 | 7.00 | 74.00 | 81.00 | OK | |
r-patched-linux-x86_64 | 0.1 | 6.94 | 52.14 | 59.08 | NOTE | |
r-release-linux-x86_64 | 0.1 | 6.35 | 51.87 | 58.22 | NOTE | |
r-release-macos-arm64 | 0.1 | 31.00 | OK | |||
r-release-macos-x86_64 | 0.1 | 48.00 | OK | |||
r-release-windows-x86_64 | 0.1 | 8.00 | 70.00 | 78.00 | OK | |
r-oldrel-macos-arm64 | 0.1 | 35.00 | OK | |||
r-oldrel-macos-x86_64 | 0.1 | 50.00 | OK | |||
r-oldrel-windows-x86_64 | 0.1 | 10.00 | 95.00 | 105.00 | OK |
Version: 0.1
Check: for non-standard things in the check directory
Result: NOTE
Found the following files/directories:
‘database.csv’ ‘output.csv’ ‘output_clst.csv’
Flavors: r-devel-linux-x86_64-debian-clang, r-devel-linux-x86_64-debian-gcc, r-devel-linux-x86_64-fedora-clang, r-devel-linux-x86_64-fedora-gcc, r-patched-linux-x86_64, r-release-linux-x86_64