Last updated on 2025-02-16 09:50:53 CET.
Flavor | Version | Tinstall | Tcheck | Ttotal | Status | Flags |
---|---|---|---|---|---|---|
r-devel-linux-x86_64-debian-clang | 0.1-8 | 2.73 | 36.84 | 39.57 | NOTE | |
r-devel-linux-x86_64-debian-gcc | 0.1-8 | 2.07 | 26.74 | 28.81 | NOTE | |
r-devel-linux-x86_64-fedora-clang | 0.1-8 | 65.01 | NOTE | |||
r-devel-linux-x86_64-fedora-gcc | 0.1-8 | 59.55 | NOTE | |||
r-devel-macos-arm64 | 0.1-8 | 23.00 | OK | |||
r-devel-macos-x86_64 | 0.1-8 | 38.00 | NOTE | |||
r-devel-windows-x86_64 | 0.1-8 | 5.00 | 63.00 | 68.00 | NOTE | |
r-patched-linux-x86_64 | 0.1-8 | 3.47 | 34.45 | 37.92 | OK | |
r-release-linux-x86_64 | 0.1-8 | 2.52 | 34.81 | 37.33 | OK | |
r-release-macos-arm64 | 0.1-8 | 23.00 | OK | |||
r-release-macos-x86_64 | 0.1-8 | 32.00 | OK | |||
r-release-windows-x86_64 | 0.1-8 | 5.00 | 58.00 | 63.00 | OK | |
r-oldrel-macos-arm64 | 0.1-8 | 24.00 | OK | |||
r-oldrel-macos-x86_64 | 0.1-8 | 33.00 | OK | |||
r-oldrel-windows-x86_64 | 0.1-8 | 6.00 | 88.00 | 94.00 | OK |
Version: 0.1-8
Check: DESCRIPTION meta-information
Result: NOTE
Missing dependency on R >= 4.1.0 because package code uses the pipe
|> or function shorthand \(...) syntax added in R 4.1.0.
File(s) using such syntax:
‘SiZer.R’
Flavors: r-devel-linux-x86_64-debian-clang, r-devel-linux-x86_64-debian-gcc, r-devel-linux-x86_64-fedora-clang, r-devel-linux-x86_64-fedora-gcc, r-devel-macos-x86_64, r-devel-windows-x86_64