Last updated on 2025-02-19 09:51:03 CET.
Flavor | Version | Tinstall | Tcheck | Ttotal | Status | Flags |
---|---|---|---|---|---|---|
r-devel-linux-x86_64-debian-clang | 1.0.7 | 24.42 | 214.69 | 239.11 | OK | |
r-devel-linux-x86_64-debian-gcc | 1.0.7 | 14.76 | 133.09 | 147.85 | OK | |
r-devel-linux-x86_64-fedora-clang | 1.0.7 | 419.09 | OK | |||
r-devel-linux-x86_64-fedora-gcc | 1.0.7 | 398.30 | OK | |||
r-devel-macos-arm64 | 1.0.7 | 88.00 | OK | |||
r-devel-macos-x86_64 | 1.0.7 | 205.00 | OK | |||
r-devel-windows-x86_64 | 1.0.7 | 24.00 | 184.00 | 208.00 | OK | |
r-patched-linux-x86_64 | 1.0.7 | 23.01 | 202.21 | 225.22 | OK | |
r-release-linux-x86_64 | 1.0.7 | 23.10 | 198.94 | 222.04 | OK | |
r-release-macos-arm64 | 1.0.7 | 86.00 | OK | |||
r-release-macos-x86_64 | 1.0.7 | 198.00 | OK | |||
r-release-windows-x86_64 | 1.0.7 | 24.00 | 4.00 | 28.00 | FAIL | |
r-oldrel-macos-arm64 | 1.0.7 | 108.00 | OK | |||
r-oldrel-macos-x86_64 | 1.0.7 | 240.00 | OK | |||
r-oldrel-windows-x86_64 | 1.0.7 | 35.00 | 245.00 | 280.00 | OK |
Version: 1.0.7
Check: package dependencies
Result: FAIL
Flavor: r-release-windows-x86_64