Last updated on 2025-02-19 09:51:02 CET.
Flavor | Version | Tinstall | Tcheck | Ttotal | Status | Flags |
---|---|---|---|---|---|---|
r-devel-linux-x86_64-debian-clang | 0.1.1 | 36.69 | 142.23 | 178.92 | OK | |
r-devel-linux-x86_64-debian-gcc | 0.1.1 | 29.39 | 91.20 | 120.59 | OK | |
r-devel-linux-x86_64-fedora-clang | 0.1.1 | 335.75 | OK | |||
r-devel-linux-x86_64-fedora-gcc | 0.1.1 | 301.98 | OK | |||
r-devel-macos-arm64 | 0.1.1 | 87.00 | OK | |||
r-devel-macos-x86_64 | 0.1.1 | 168.00 | OK | |||
r-devel-windows-x86_64 | 0.1.1 | 44.00 | 162.00 | 206.00 | OK | |
r-patched-linux-x86_64 | 0.1.1 | 35.99 | 130.49 | 166.48 | OK | |
r-release-linux-x86_64 | 0.1.1 | 39.55 | 130.44 | 169.99 | OK | |
r-release-macos-arm64 | 0.1.1 | 228.00 | OK | |||
r-release-macos-x86_64 | 0.1.1 | 274.00 | OK | |||
r-release-windows-x86_64 | 0.1.1 | 42.00 | 4.00 | 46.00 | FAIL |
Version: 0.1.1
Check: package dependencies
Result: FAIL
Flavor: r-release-windows-x86_64