CRAN Package Check Results for Package SegEnvIneq

Last updated on 2025-02-19 09:51:02 CET.

Flavor Version Tinstall Tcheck Ttotal Status Flags
r-devel-linux-x86_64-debian-clang 1.2 3.55 22.41 25.96 OK
r-devel-linux-x86_64-debian-gcc 1.2 3.13 17.56 20.69 OK
r-devel-linux-x86_64-fedora-clang 1.2 43.08 OK
r-devel-linux-x86_64-fedora-gcc 1.2 44.15 OK
r-devel-macos-arm64 1.2 19.00 OK
r-devel-macos-x86_64 1.2 30.00 OK
r-devel-windows-x86_64 1.2 5.00 44.00 49.00 OK
r-patched-linux-x86_64 1.2 3.61 21.38 24.99 OK
r-release-linux-x86_64 1.2 3.37 21.28 24.65 OK
r-release-macos-arm64 1.2 20.00 OK
r-release-macos-x86_64 1.2 30.00 OK
r-release-windows-x86_64 1.2 5.00 4.00 9.00 FAIL
r-oldrel-macos-arm64 1.1 20.00 OK
r-oldrel-macos-x86_64 1.1 30.00 OK

Check Details

Version: 1.2
Check: package dependencies
Result: FAIL
Flavor: r-release-windows-x86_64