CRAN Package Check Results for Package SegCorr

Last updated on 2025-02-19 09:51:02 CET.

Flavor Version Tinstall Tcheck Ttotal Status Flags
r-devel-linux-x86_64-debian-clang 1.2 2.38 23.49 25.87 OK
r-devel-linux-x86_64-debian-gcc 1.2 1.72 18.88 20.60 OK
r-devel-linux-x86_64-fedora-clang 1.2 41.85 OK
r-devel-linux-x86_64-fedora-gcc 1.2 38.81 OK
r-devel-macos-arm64 1.2 17.00 OK
r-devel-macos-x86_64 1.2 30.00 OK
r-devel-windows-x86_64 1.2 3.00 50.00 53.00 OK
r-patched-linux-x86_64 1.2 2.24 22.50 24.74 OK
r-release-linux-x86_64 1.2 2.37 22.44 24.81 OK
r-release-macos-arm64 1.2 17.00 OK
r-release-macos-x86_64 1.2 26.00 OK
r-release-windows-x86_64 1.2 3.00 4.00 7.00 FAIL
r-oldrel-macos-arm64 1.2 21.00 OK
r-oldrel-macos-x86_64 1.2 39.00 OK
r-oldrel-windows-x86_64 1.2 4.00 82.00 86.00 OK

Check Details

Version: 1.2
Check: package dependencies
Result: FAIL
Flavor: r-release-windows-x86_64