CRAN Package Check Results for Package SampleSize4ClinicalTrials

Last updated on 2025-02-19 09:51:02 CET.

Flavor Version Tinstall Tcheck Ttotal Status Flags
r-devel-linux-x86_64-debian-clang 0.2.3 1.74 16.22 17.96 OK
r-devel-linux-x86_64-debian-gcc 0.2.3 1.37 13.06 14.43 OK
r-devel-linux-x86_64-fedora-clang 0.2.3 29.50 OK
r-devel-linux-x86_64-fedora-gcc 0.2.3 27.30 OK
r-devel-macos-arm64 0.2.3 14.00 OK
r-devel-macos-x86_64 0.2.3 21.00 OK
r-devel-windows-x86_64 0.2.3 3.00 34.00 37.00 OK
r-patched-linux-x86_64 0.2.3 1.69 15.50 17.19 NOTE
r-release-linux-x86_64 0.2.3 1.61 15.63 17.24 NOTE
r-release-macos-arm64 0.2.3 13.00 NOTE
r-release-macos-x86_64 0.2.3 24.00 NOTE
r-release-windows-x86_64 0.2.3 2.00 35.00 37.00 NOTE
r-oldrel-macos-arm64 0.2.3 14.00 NOTE
r-oldrel-macos-x86_64 0.2.3 18.00 NOTE
r-oldrel-windows-x86_64 0.2.3 3.00 34.00 37.00 NOTE

Check Details

Version: 0.2.3
Check: LazyData
Result: NOTE 'LazyData' is specified without a 'data' directory Flavors: r-patched-linux-x86_64, r-release-linux-x86_64, r-release-macos-arm64, r-release-macos-x86_64, r-release-windows-x86_64, r-oldrel-macos-arm64, r-oldrel-macos-x86_64, r-oldrel-windows-x86_64