Last updated on 2025-07-12 09:49:33 CEST.
Flavor | Version | Tinstall | Tcheck | Ttotal | Status | Flags |
---|---|---|---|---|---|---|
r-devel-linux-x86_64-debian-clang | 1.2.0 | 10.01 | 99.02 | 109.03 | OK | |
r-devel-linux-x86_64-debian-gcc | 1.2.0 | 5.53 | 72.25 | 77.78 | OK | |
r-devel-linux-x86_64-fedora-clang | 1.2.0 | 134.37 | OK | |||
r-devel-linux-x86_64-fedora-gcc | 1.2.0 | 127.38 | OK | |||
r-devel-windows-x86_64 | 1.2.0 | 12.00 | 104.00 | 116.00 | OK | |
r-patched-linux-x86_64 | 1.2.0 | 9.01 | 89.57 | 98.58 | OK | |
r-release-linux-x86_64 | 1.2.0 | 10.17 | 88.79 | 98.96 | OK | |
r-release-macos-arm64 | 1.2.0 | 40.00 | OK | |||
r-release-macos-x86_64 | 1.2.0 | 81.00 | OK | |||
r-release-windows-x86_64 | 1.2.0 | 11.00 | 105.00 | 116.00 | OK | |
r-oldrel-macos-arm64 | 1.2.0 | 43.00 | NOTE | |||
r-oldrel-macos-x86_64 | 1.2.0 | 84.00 | NOTE | |||
r-oldrel-windows-x86_64 | 1.2.0 | 15.00 | 134.00 | 149.00 | NOTE |
Version: 1.2.0
Check: package dependencies
Result: NOTE
Packages suggested but not available for checking: 'MOFAdata', 'MOFA2'
Flavor: r-oldrel-macos-arm64
Version: 1.2.0
Check: package dependencies
Result: NOTE
Packages suggested but not available for checking:
'MOFAdata', 'MOFA2', 'basilisk'
Flavor: r-oldrel-macos-x86_64
Version: 1.2.0
Check: package dependencies
Result: NOTE
Package suggested but not available for checking: 'MOFAdata'
Flavor: r-oldrel-windows-x86_64