Last updated on 2025-02-20 09:51:04 CET.
Flavor | Version | Tinstall | Tcheck | Ttotal | Status | Flags |
---|---|---|---|---|---|---|
r-devel-linux-x86_64-debian-clang | 1.1.2 | 13.09 | 103.69 | 116.78 | NOTE | |
r-devel-linux-x86_64-debian-gcc | 1.1.2 | 8.03 | 76.65 | 84.68 | NOTE | |
r-devel-linux-x86_64-fedora-clang | 1.1.2 | 186.68 | NOTE | |||
r-devel-linux-x86_64-fedora-gcc | 1.1.2 | 156.32 | NOTE | |||
r-devel-macos-arm64 | 1.1.2 | 48.00 | NOTE | |||
r-devel-macos-x86_64 | 1.1.2 | 101.00 | NOTE | |||
r-devel-windows-x86_64 | 1.1.2 | 14.00 | 103.00 | 117.00 | NOTE | |
r-patched-linux-x86_64 | 1.1.2 | 11.87 | 97.68 | 109.55 | NOTE | |
r-release-linux-x86_64 | 1.1.2 | 12.11 | 94.05 | 106.16 | NOTE | |
r-release-macos-arm64 | 1.1.2 | 48.00 | NOTE | |||
r-release-macos-x86_64 | 1.1.2 | 84.00 | NOTE | |||
r-release-windows-x86_64 | 1.1.2 | 14.00 | 96.00 | 110.00 | WARN | |
r-oldrel-macos-arm64 | 1.1.2 | 56.00 | OK | |||
r-oldrel-macos-x86_64 | 1.1.2 | 98.00 | OK | |||
r-oldrel-windows-x86_64 | 1.1.2 | 17.00 | 147.00 | 164.00 | OK |
Version: 1.1.2
Check: Rd files
Result: NOTE
checkRd: (-1) sample.partial.tt.Rd:41: Lost braces in \itemize; \value handles \item{}{} directly
checkRd: (-1) sample.partial.tt.Rd:42: Lost braces in \itemize; \value handles \item{}{} directly
checkRd: (-1) sample.partial.tt.Rd:43: Lost braces in \itemize; \value handles \item{}{} directly
checkRd: (-1) sample.partial.tt.Rd:44: Lost braces in \itemize; \value handles \item{}{} directly
checkRd: (-1) sample.partial.tt.Rd:45: Lost braces in \itemize; \value handles \item{}{} directly
checkRd: (-1) sample.tt.Rd:32: Lost braces in \itemize; \value handles \item{}{} directly
checkRd: (-1) sample.tt.Rd:33: Lost braces in \itemize; \value handles \item{}{} directly
checkRd: (-1) sample.tt.Rd:34: Lost braces in \itemize; \value handles \item{}{} directly
checkRd: (-1) sample.tt.Rd:35: Lost braces in \itemize; \value handles \item{}{} directly
checkRd: (-1) sample.tt.Rd:36: Lost braces in \itemize; \value handles \item{}{} directly
checkRd: (-1) tt.generator.Rd:38: Lost braces in \itemize; \value handles \item{}{} directly
checkRd: (-1) tt.generator.Rd:39: Lost braces in \itemize; \value handles \item{}{} directly
checkRd: (-1) tt.generator.Rd:40: Lost braces in \itemize; \value handles \item{}{} directly
checkRd: (-1) tt.generator.Rd:41: Lost braces in \itemize; \value handles \item{}{} directly
checkRd: (-1) tt.generator.Rd:42: Lost braces in \itemize; \value handles \item{}{} directly
checkRd: (-1) tt.generator.Rd:43-57: Lost braces in \itemize; \value handles \item{}{} directly
checkRd: (-1) tt.generator.Rd:45: Lost braces in \itemize; \value handles \item{}{} directly
checkRd: (-1) tt.generator.Rd:46: Lost braces in \itemize; \value handles \item{}{} directly
checkRd: (-1) tt.generator.Rd:47: Lost braces in \itemize; \value handles \item{}{} directly
checkRd: (-1) tt.generator.Rd:51: Lost braces in \itemize; \value handles \item{}{} directly
checkRd: (-1) tt.generator.Rd:52: Lost braces in \itemize; \value handles \item{}{} directly
checkRd: (-1) tt.generator.Rd:53: Lost braces in \itemize; \value handles \item{}{} directly
checkRd: (-1) tt.generator.Rd:54: Lost braces in \itemize; \value handles \item{}{} directly
checkRd: (-1) tt.generator.Rd:55: Lost braces in \itemize; \value handles \item{}{} directly
Flavors: r-devel-linux-x86_64-debian-clang, r-devel-linux-x86_64-debian-gcc, r-devel-linux-x86_64-fedora-clang, r-devel-linux-x86_64-fedora-gcc, r-devel-macos-arm64, r-devel-macos-x86_64, r-devel-windows-x86_64, r-patched-linux-x86_64, r-release-linux-x86_64, r-release-macos-arm64, r-release-macos-x86_64
Version: 1.1.2
Check: S3 generic/method consistency
Result: WARN
During startup - Warning message:
In read.table(file = file, header = header, sep = sep, quote = quote, :
cols = 1 != length(data) = 7
See section 'Generic functions and methods' in the 'Writing R
Extensions' manual.
Flavor: r-release-windows-x86_64
Version: 1.1.2
Check: replacement functions
Result: WARN
During startup - Warning message:
In read.table(file = file, header = header, sep = sep, quote = quote, :
cols = 1 != length(data) = 7
The argument of a replacement function which corresponds to the right
hand side must be named 'value'.
Flavor: r-release-windows-x86_64
Version: 1.1.2
Check: foreign function calls
Result: NOTE
During startup - Warning message:
In read.table(file = file, header = header, sep = sep, quote = quote, :
cols = 1 != length(data) = 7
See chapter 'System and foreign language interfaces' in the 'Writing R
Extensions' manual.
Flavor: r-release-windows-x86_64
Version: 1.1.2
Check: R code for possible problems
Result: NOTE
During startup - Warning message:
In read.table(file = file, header = header, sep = sep, quote = quote, :
cols = 1 != length(data) = 7
During startup - Warning message:
In read.table(file = file, header = header, sep = sep, quote = quote, :
cols = 1 != length(data) = 7
Warning in read.table(file = file, header = header, sep = sep, quote = quote, :
cols = 1 != length(data) = 7
Flavor: r-release-windows-x86_64
Version: 1.1.2
Check: Rd files
Result: WARN
During startup - Warning message:
In read.table(file = file, header = header, sep = sep, quote = quote, :
cols = 1 != length(data) = 7
checkRd: (-1) sample.partial.tt.Rd:41: Lost braces in \itemize; \value handles \item{}{} directly
checkRd: (-1) sample.partial.tt.Rd:42: Lost braces in \itemize; \value handles \item{}{} directly
checkRd: (-1) sample.partial.tt.Rd:43: Lost braces in \itemize; \value handles \item{}{} directly
checkRd: (-1) sample.partial.tt.Rd:44: Lost braces in \itemize; \value handles \item{}{} directly
checkRd: (-1) sample.partial.tt.Rd:45: Lost braces in \itemize; \value handles \item{}{} directly
checkRd: (-1) sample.tt.Rd:32: Lost braces in \itemize; \value handles \item{}{} directly
checkRd: (-1) sample.tt.Rd:33: Lost braces in \itemize; \value handles \item{}{} directly
checkRd: (-1) sample.tt.Rd:34: Lost braces in \itemize; \value handles \item{}{} directly
checkRd: (-1) sample.tt.Rd:35: Lost braces in \itemize; \value handles \item{}{} directly
checkRd: (-1) sample.tt.Rd:36: Lost braces in \itemize; \value handles \item{}{} directly
checkRd: (-1) tt.generator.Rd:38: Lost braces in \itemize; \value handles \item{}{} directly
checkRd: (-1) tt.generator.Rd:39: Lost braces in \itemize; \value handles \item{}{} directly
checkRd: (-1) tt.generator.Rd:40: Lost braces in \itemize; \value handles \item{}{} directly
checkRd: (-1) tt.generator.Rd:41: Lost braces in \itemize; \value handles \item{}{} directly
checkRd: (-1) tt.generator.Rd:42: Lost braces in \itemize; \value handles \item{}{} directly
checkRd: (-1) tt.generator.Rd:43-57: Lost braces in \itemize; \value handles \item{}{} directly
checkRd: (-1) tt.generator.Rd:45: Lost braces in \itemize; \value handles \item{}{} directly
checkRd: (-1) tt.generator.Rd:46: Lost braces in \itemize; \value handles \item{}{} directly
checkRd: (-1) tt.generator.Rd:47: Lost braces in \itemize; \value handles \item{}{} directly
checkRd: (-1) tt.generator.Rd:51: Lost braces in \itemize; \value handles \item{}{} directly
checkRd: (-1) tt.generator.Rd:52: Lost braces in \itemize; \value handles \item{}{} directly
checkRd: (-1) tt.generator.Rd:53: Lost braces in \itemize; \value handles \item{}{} directly
checkRd: (-1) tt.generator.Rd:54: Lost braces in \itemize; \value handles \item{}{} directly
checkRd: (-1) tt.generator.Rd:55: Lost braces in \itemize; \value handles \item{}{} directly
Flavor: r-release-windows-x86_64
Version: 1.1.2
Check: for missing documentation entries
Result: WARN
During startup - Warning message:
In read.table(file = file, header = header, sep = sep, quote = quote, :
cols = 1 != length(data) = 7
All user-level objects in a package should have documentation entries.
See chapter 'Writing R documentation files' in the 'Writing R
Extensions' manual.
Flavor: r-release-windows-x86_64
Version: 1.1.2
Check: for code/documentation mismatches
Result: WARN
During startup - Warning message:
In read.table(file = file, header = header, sep = sep, quote = quote, :
cols = 1 != length(data) = 7
During startup - Warning message:
In read.table(file = file, header = header, sep = sep, quote = quote, :
cols = 1 != length(data) = 7
During startup - Warning message:
In read.table(file = file, header = header, sep = sep, quote = quote, :
cols = 1 != length(data) = 7
Flavor: r-release-windows-x86_64
Version: 1.1.2
Check: Rd \usage sections
Result: WARN
During startup - Warning message:
In read.table(file = file, header = header, sep = sep, quote = quote, :
cols = 1 != length(data) = 7
Functions with \usage entries need to have the appropriate \alias
entries, and all their arguments documented.
The \usage entries must correspond to syntactically valid R code.
See chapter 'Writing R documentation files' in the 'Writing R
Extensions' manual.
During startup - Warning message:
In read.table(file = file, header = header, sep = sep, quote = quote, :
cols = 1 != length(data) = 7
The \usage entries for S3 methods should use the \method markup and not
their full name.
See chapter 'Writing R documentation files' in the 'Writing R
Extensions' manual.
Flavor: r-release-windows-x86_64
Version: 1.1.2
Check: Rd contents
Result: NOTE
Warning in read.table(file = file, header = header, sep = sep, quote = quote, :
cols = 1 != length(data) = 7
Flavor: r-release-windows-x86_64
Version: 1.1.2
Check: for unstated dependencies in examples
Result: WARN
Warning in read.table(file = file, header = header, sep = sep, quote = quote, :
cols = 1 != length(data) = 7
Flavor: r-release-windows-x86_64
Version: 1.1.2
Check: data for non-ASCII characters
Result: NOTE
During startup - Warning message:
In read.table(file = file, header = header, sep = sep, quote = quote, :
cols = 1 != length(data) = 7
Flavor: r-release-windows-x86_64
Version: 1.1.2
Check: data for ASCII and uncompressed saves
Result: WARN
During startup - Warning message:
In read.table(file = file, header = header, sep = sep, quote = quote, :
cols = 1 != length(data) = 7
Flavor: r-release-windows-x86_64